{"id":78,"date":"2024-12-05T10:53:28","date_gmt":"2024-12-05T10:53:28","guid":{"rendered":"http:\/\/longcando.id.vn\/?post_type=product&#038;p=78"},"modified":"2024-12-20T13:33:13","modified_gmt":"2024-12-20T13:33:13","slug":"cat-ve-sinh-cats-me-than-hoat-tinh-cho-meo","status":"publish","type":"product","link":"http:\/\/longcando.id.vn\/index.php\/san-pham\/cat-ve-sinh-cats-me-than-hoat-tinh-cho-meo\/","title":{"rendered":"C\u00e1t v\u1ec7 sinh Cats me than ho\u1ea1t t\u00ednh cho m\u00e8o"},"content":{"rendered":"<p><strong>TH\u00d4NG TIN S\u1ea2N PH\u1ea8M:<\/strong><\/p>\n<p>Th\u00e0nh ph\u1ea7n ch\u00ednh trong c\u00e1t v\u1ec7 sinh d\u1ea1ng h\u1ea1t betonite l\u00e0 kho\u00e1ng s\u00e9t t\u1ef1 nhi\u00ean Bentonite. \u0110\u00e2y l\u00e0 nguy\u00ean li\u1ec7u ch\u00ednh \u0111\u01b0\u1ee3c d\u00f9ng trong kem \u0111\u00e1nh r\u0103ng, d\u1ea7u g\u1ed9i hay c\u00e1c ch\u1ebf ph\u1ea9m t\u01b0\u01a1ng t\u1ef1 m\u00e0 c\u00e1c b\u1ea1n v\u1eabn th\u1ea5y. Ch\u00ednh \u0111i\u1ec1u n\u00e0y gi\u00fap c\u00e1t v\u1ec7 sinh cho m\u00e8o bentonite d\u1ea1ng h\u1ea1t c\u00f3 kh\u1ea3 n\u0103ng th\u1ea5m h\u00fat c\u1ef1c t\u1ed1t, \u0111\u1ed9 d\u1ebbo v\u00f4 c\u00f9ng tuy\u1ec7t v\u1eddi, kh\u1ea3 n\u0103ng kh\u1eed m\u00f9i t\u0103ng v\u01b0\u1ee3t tr\u1ed9i l\u00ean \u0111\u1ebfn v\u00e0 \u0111\u1eb7c bi\u1ec7t l\u00e0 h\u1ea1n ch\u1ebf b\u1ee5i t\u1ed1i \u0111a khi s\u1eed d\u1ee5ng.<\/p>\n<p><strong>\u0110\u1eb6C \u0110I\u1ec2M N\u1ed4I B\u1eacT<\/strong><\/p>\n<p>\u2714\ufe0fH\u1ea1t c\u00e1t tr\u00f2n, nh\u1ecf, d\u1ec5 v\u00f3n c\u1ee5c v\u00e0 kh\u00f4ng b\u1ecb hao c\u00e1t. Gi\u00fap ti\u1ebft ki\u1ec7m chi ph\u00ed.<br \/>\n\u2714\ufe0fV\u00f3n si\u00eau nhanh v\u00e0 r\u1eafn.<br \/>\n\u2714\ufe0fC\u00e1t kh\u00f4ng c\u00f3 m\u00f9i th\u01a1m, nh\u01b0ng k\u1ebft h\u1ee3p c\u00f9ng than ho\u1ea1t t\u00ednh t\u1ea1o n\u00ean s\u1ef1 b\u00f9ng n\u1ed5. Kh\u1eed s\u1ea1ch m\u00f9i h\u00f4i, hi\u1ec7u qu\u1ea3 b\u1ea5t ng\u1edd.<\/p>\n","protected":false},"excerpt":{"rendered":"<p>TH\u00d4NG TIN S\u1ea2N PH\u1ea8M: Th\u00e0nh ph\u1ea7n ch\u00ednh trong c\u00e1t v\u1ec7 sinh d\u1ea1ng h\u1ea1t betonite l\u00e0 kho\u00e1ng s\u00e9t t\u1ef1 nhi\u00ean Bentonite. \u0110\u00e2y l\u00e0 nguy\u00ean li\u1ec7u ch\u00ednh \u0111\u01b0\u1ee3c d\u00f9ng trong kem \u0111\u00e1nh r\u0103ng, d\u1ea7u g\u1ed9i hay c\u00e1c ch\u1ebf ph\u1ea9m t\u01b0\u01a1ng t\u1ef1 m\u00e0 c\u00e1c b\u1ea1n v\u1eabn th\u1ea5y. Ch\u00ednh \u0111i\u1ec1u n\u00e0y gi\u00fap c\u00e1t v\u1ec7 sinh cho m\u00e8o bentonite d\u1ea1ng [&hellip;]<\/p>\n","protected":false},"featured_media":74,"comment_status":"open","ping_status":"closed","template":"","meta":[],"product_cat":[23],"product_tag":[32,36,35,37],"class_list":{"0":"post-78","1":"product","2":"type-product","3":"status-publish","4":"has-post-thumbnail","6":"product_cat-chau-va-cat-ve-sinh","7":"product_tag-cat","8":"product_tag-cat-meo","9":"product_tag-cat-ve-sinh","10":"product_tag-ve-sinh-meo","12":"first","13":"instock","14":"taxable","15":"shipping-taxable","16":"purchasable","17":"product-type-simple"},"jetpack_sharing_enabled":true,"_links":{"self":[{"href":"http:\/\/longcando.id.vn\/index.php\/wp-json\/wp\/v2\/product\/78","targetHints":{"allow":["GET"]}}],"collection":[{"href":"http:\/\/longcando.id.vn\/index.php\/wp-json\/wp\/v2\/product"}],"about":[{"href":"http:\/\/longcando.id.vn\/index.php\/wp-json\/wp\/v2\/types\/product"}],"replies":[{"embeddable":true,"href":"http:\/\/longcando.id.vn\/index.php\/wp-json\/wp\/v2\/comments?post=78"}],"wp:featuredmedia":[{"embeddable":true,"href":"http:\/\/longcando.id.vn\/index.php\/wp-json\/wp\/v2\/media\/74"}],"wp:attachment":[{"href":"http:\/\/longcando.id.vn\/index.php\/wp-json\/wp\/v2\/media?parent=78"}],"wp:term":[{"taxonomy":"product_cat","embeddable":true,"href":"http:\/\/longcando.id.vn\/index.php\/wp-json\/wp\/v2\/product_cat?post=78"},{"taxonomy":"product_tag","embeddable":true,"href":"http:\/\/longcando.id.vn\/index.php\/wp-json\/wp\/v2\/product_tag?post=78"}],"curies":[{"name":"wp","href":"https:\/\/api.w.org\/{rel}","templated":true}]}}