{"id":530,"date":"2024-12-07T10:49:07","date_gmt":"2024-12-07T10:49:07","guid":{"rendered":"http:\/\/longcando.id.vn\/?post_type=product&#038;p=530"},"modified":"2024-12-07T10:51:30","modified_gmt":"2024-12-07T10:51:30","slug":"nho-gay-diet-ve-bo-chet-cho-meo-frontline-plus","status":"publish","type":"product","link":"http:\/\/longcando.id.vn\/index.php\/san-pham\/nho-gay-diet-ve-bo-chet-cho-meo-frontline-plus\/","title":{"rendered":"Nh\u1ecf g\u00e1y di\u1ec7t ve b\u1ecd ch\u00e9t cho m\u00e8o FRONTLINE PLUS"},"content":{"rendered":"<p><strong>TH\u00d4NG TIN S\u1ea2N PH\u1ea8M\u00a0<\/strong><\/p>\n<p><em><strong>1. M\u00f4 t\u1ea3 chung<\/strong><\/em><\/p>\n<p>S\u1ea3n ph\u1ea9m Nh\u1ecf g\u00e1y di\u1ec7t v\u00e0 ng\u1eeba ve r\u1eadn cho m\u00e8o Frontline For Cats c\u1ee7a Boehringer Ingelheim \u0111\u01b0\u1ee3c s\u1eed d\u1ee5ng \u0111\u01b0\u1ee3c cho m\u00e8o t\u1eeb 2 th\u00e1ng tu\u1ed5i tr\u1edf l\u00ean. S\u1ea3n ph\u1ea9m c\u00f3 kh\u1ea3 n\u0103ng di\u1ec7t s\u1ea1ch t\u1ea5t c\u1ea3 c\u00e1c lo\u1ea1i b\u1ecd ch\u00e9t l\u1edbn, tr\u1ee9ng b\u1ecd ch\u00e9t, \u1ea5u tr\u00f9ng v\u00e0 b\u1ecd ve kh\u00f4ng th\u1ec3 tr\u1ed1n tho\u00e1t.<\/p>\n<p><em><strong>2. L\u1ee3i \u00edch ch\u00ednh<\/strong><\/em><\/p>\n<p>B\u1ea1n c\u00f3 bi\u1ebft k\u00fd sinh tr\u00f9ng ngo\u00e0i c\u01a1 th\u1ec3 c\u1ee7a m\u00e8o l\u00e0 m\u1ed9t trong nh\u1eefng b\u1ec7nh th\u01b0\u1eddng th\u1ea5y. N\u00f3 t\u1ea1o n\u00ean c\u00e1c tri\u1ec7u ch\u1ee9ng khi\u1ebfn m\u00e8o th\u01b0\u1eddng b\u1ecb l\u00f4ng th\u00f4 c\u1ee9ng, r\u1ee5ng l\u00f4ng, l\u1edf lo\u00e9t, m\u1ea9n \u0111\u1ecf, ch\u1ea3y m\u00e1u, ti\u00eau ch\u1ea3y, g\u1ea7y y\u1ebfu. V\u00ec k\u00fd sinh tr\u00f9ng c\u00f3 kh\u1ea3 n\u0103ng sinh s\u00f4i r\u1ea5t m\u1ea1nh, k\u00fd sinh tr\u00f9ng truy\u1ec1n nhi\u1ec5m tr\u00ean c\u01a1 th\u1ec3 m\u00e8o r\u1ea5t d\u1ec5 lan tr\u00e0n. B\u1ecd ve: khi\u1ebfn da c\u1ee7a m\u00e8o n\u1ed5i m\u1ee5n c\u00f3 m\u1ee7, vi\u00eam n\u00e3o, thi\u1ebfu m\u00e1u.<\/p>\n<p>Khi t\u00ecnh h\u00ecnh b\u1ec7nh truy\u1ec1n nhi\u1ec5m b\u1ecd ve tr\u1edf n\u00ean nghi\u00eam tr\u1ecdng, s\u1ebd khi\u1ebfn cho m\u00e8o m\u1ea5t m\u00e1u ho\u1eb7c thi\u1ebfu m\u00e1u. Nguy hi\u1ec3m h\u01a1n b\u1ecd ve c\u0169ng c\u00f3 th\u1ec3 c\u1eafn ch\u1ebft c\u1ea3 ng\u01b0\u1eddi. B\u1ecd ch\u00e9t: nh\u1ea3y l\u00ean ng\u01b0\u1eddi c\u1ee7a m\u00e8o s\u1ebd l\u1eadp t\u1ee9c h\u00fat m\u00e1u. Trong 24 \u2013 48 ti\u1ebfng s\u1ebd giao ph\u1ed1i \u0111\u1ebb tr\u1ee9ng. M\u1ed9t ng\u00e0y m\u1ed9t con b\u1ecd ch\u00e9t c\u00e1i c\u00f3 th\u1ec3 \u0111\u1ebb \u0111\u01b0\u1ee3c 50 tr\u1ee9ng. T\u1ed1c \u0111\u1ed9 sinh s\u00f4i r\u1ea5t nhanh. B\u1ecd ch\u00e9t c\u00f3 th\u1ec3 d\u1eabn \u0111\u1ebfn vi\u00eam da d\u1ecb \u1ee9ng mang theo vi khu\u1ea9n d\u1ecbch h\u1ea1ch t\u1eeb chu\u1ed9t truy\u1ec1n sang con ng\u01b0\u1eddi. Nghi\u00eam tr\u1ecdng h\u01a1n c\u00f3 th\u1ec3 khi\u1ebfn cho m\u00e8o b\u1ecb r\u1ee5ng h\u1ebft l\u00f4ng. B\u1ecd ch\u00e9t ve r\u1eadn c\u00f2n g\u00e2y nguy hi\u1ec3m cho ng\u01b0\u1eddi nu\u00f4i khi\u1ebfn da n\u1ed5i \u0111\u1ecf, ng\u1ee9a, ho, d\u1ecb \u1ee9ng da\u2026<\/p>\n<p><em><strong>3. H\u01b0\u1edbng d\u1eabn s\u1eed d\u1ee5ng<\/strong><\/em><\/p>\n<p>Ch\u1ec9 c\u1ea7n t\u00e1ch ph\u1ea7n l\u00f4ng tr\u00ean l\u01b0ng m\u00e8o ra, \u0111\u1ec3 l\u1ed9 da. Nh\u1ecf g\u00e1y di\u1ec7t ve r\u1eadn cho m\u00e8o Frontline l\u00ean tr\u00ean da. D\u1ea7n d\u1ea7n s\u1ea3n ph\u1ea9m s\u1ebd th\u1ea5m th\u1ea5u v\u00e0o tuy\u1ebfn b\u00e3 nh\u1eddn. V\u00ec th\u1ebf cho d\u00f9 t\u1eafm r\u1eeda s\u1ebd kh\u00f4ng \u1ea3nh h\u01b0\u1edfng \u0111\u1ebfn c\u00f4ng d\u1ee5ng. \u0110\u1ec3 th\u00fa c\u01b0ng ph\u00e1t tri\u1ec3n kh\u1ecfe m\u1ea1nh nh\u1ea5t, ch\u00fang t\u00f4i khuy\u00ean ch\u1ee7 nh\u00e2n n\u00ean s\u1eed d\u1ee5ng Frontline m\u1ed7i th\u00e1ng m\u1ed9t l\u1ea7n.<\/p>\n<p>B\u01b0\u1edbc 1: sau khi th\u1ea5y l\u00f4ng \u0111\u00e3 kh\u00f4, b\u1ebb \u0111\u1ea7u \u1ed1ng thu\u1ed1c.<br \/>\nB\u01b0\u1edbc 2: t\u00e1ch ph\u1ea7n l\u00f4ng tr\u00ean vai ho\u1eb7c g\u00e1y c\u1ee7a m\u00e8o ra, nh\u1ecf Frontline tr\u1ef1c ti\u1ebfp l\u00ean da. Ch\u00fa \u00fd kh\u00f4ng nh\u1ecf l\u00ean l\u00f4ng. Nh\u1ecf tr\u00ean l\u00f4ng s\u1ebd b\u1ecb tr\u00f4i \u0111i m\u1ea5t, r\u1ea5t \u00edt l\u01b0\u1ee3ng s\u1ea3n ph\u1ea9m th\u1ea5m \u0111\u01b0\u1ee3c v\u00e0o tuy\u1ebfn b\u00e3 nh\u1eddn c\u1ee7a da. \u0110i\u1ec1u n\u00e0y s\u1ebd h\u1ea1n ch\u1ebf t\u00e1c d\u1ee5ng c\u1ee7a s\u1ea3n ph\u1ea9m.<br \/>\nB\u01b0\u1edbc 3: \u1ea5n \u1ed1ng Frontline xu\u1ed1ng, x\u00e1c \u0111\u1ecbnh \u0111\u00e3 nh\u1ecf h\u1ebft m\u1ed9t \u1ed1ng. M\u1ed7i th\u00e1ng 1 l\u1ea7n, m\u1ed7i l\u1ea7n m\u1ed9t \u1ed1ng, kh\u00f4ng c\u1ea7n chia ra nhi\u1ec1u l\u1ea7n.&#8221;<\/p>\n<p><em><strong>Quy\u1ec1n l\u1ee3i khi mua h\u00e0ng t\u1ea1i P-Pet Shop:<\/strong><\/em><br \/>\nCam k\u1ebft h\u00e0ng ch\u00ednh h\u00e3ng 100%<br \/>\nHo\u00e0n ti\u1ec1n v\u00e0 \u0111\u1ed5i tr\u1ea3 s\u1ea3n ph\u1ea9m n\u1ebfu kh\u00f4ng \u0111\u00fang mi\u00eau t\u1ea3. N\u1ebfu ph\u00e1t hi\u1ec7n ra h\u00e0ng Fake ho\u00e0n ti\u1ec1n g\u1ea5p \u0111\u00f4i s\u1ea3n ph\u1ea9m<br \/>\nN\u1ebfu c\u00f3 b\u1ea5t k\u00ec \u0111i\u1ec1u g\u00ec c\u1ea7n h\u1ed7 tr\u1ee3 v\u1edbi s\u1ea3n ph\u1ea9m vui l\u00f2ng li\u00ean h\u1ec7 ngay v\u1edbi P-Pet Shop<br \/>\nCh\u00fang t\u00f4i cam k\u1ebft \u0111\u1eb7t uy t\u00edn v\u00e0 ch\u1ea5t l\u01b0\u1ee3ng s\u1ea3n ph\u1ea9m l\u00ean h\u00e0ng \u0111\u1ea7u<\/p>\n","protected":false},"excerpt":{"rendered":"<p>TH\u00d4NG TIN S\u1ea2N PH\u1ea8M\u00a0 1. M\u00f4 t\u1ea3 chung S\u1ea3n ph\u1ea9m Nh\u1ecf g\u00e1y di\u1ec7t v\u00e0 ng\u1eeba ve r\u1eadn cho m\u00e8o Frontline For Cats c\u1ee7a Boehringer Ingelheim \u0111\u01b0\u1ee3c s\u1eed d\u1ee5ng \u0111\u01b0\u1ee3c cho m\u00e8o t\u1eeb 2 th\u00e1ng tu\u1ed5i tr\u1edf l\u00ean. S\u1ea3n ph\u1ea9m c\u00f3 kh\u1ea3 n\u0103ng di\u1ec7t s\u1ea1ch t\u1ea5t c\u1ea3 c\u00e1c lo\u1ea1i b\u1ecd ch\u00e9t l\u1edbn, tr\u1ee9ng b\u1ecd ch\u00e9t, \u1ea5u [&hellip;]<\/p>\n","protected":false},"featured_media":522,"comment_status":"open","ping_status":"closed","template":"","meta":[],"product_cat":[24],"product_tag":[43,31,131,133,132],"class_list":{"0":"post-530","1":"product","2":"type-product","3":"status-publish","4":"has-post-thumbnail","6":"product_cat-thuoc-va-dinh-duong","7":"product_tag-cho","8":"product_tag-meo","9":"product_tag-nho-gay","10":"product_tag-thuoc","11":"product_tag-tri-ve","13":"first","14":"instock","15":"sale","16":"taxable","17":"shipping-taxable","18":"purchasable","19":"product-type-simple"},"jetpack_sharing_enabled":true,"_links":{"self":[{"href":"http:\/\/longcando.id.vn\/index.php\/wp-json\/wp\/v2\/product\/530","targetHints":{"allow":["GET"]}}],"collection":[{"href":"http:\/\/longcando.id.vn\/index.php\/wp-json\/wp\/v2\/product"}],"about":[{"href":"http:\/\/longcando.id.vn\/index.php\/wp-json\/wp\/v2\/types\/product"}],"replies":[{"embeddable":true,"href":"http:\/\/longcando.id.vn\/index.php\/wp-json\/wp\/v2\/comments?post=530"}],"wp:featuredmedia":[{"embeddable":true,"href":"http:\/\/longcando.id.vn\/index.php\/wp-json\/wp\/v2\/media\/522"}],"wp:attachment":[{"href":"http:\/\/longcando.id.vn\/index.php\/wp-json\/wp\/v2\/media?parent=530"}],"wp:term":[{"taxonomy":"product_cat","embeddable":true,"href":"http:\/\/longcando.id.vn\/index.php\/wp-json\/wp\/v2\/product_cat?post=530"},{"taxonomy":"product_tag","embeddable":true,"href":"http:\/\/longcando.id.vn\/index.php\/wp-json\/wp\/v2\/product_tag?post=530"}],"curies":[{"name":"wp","href":"https:\/\/api.w.org\/{rel}","templated":true}]}}