{"id":404,"date":"2024-12-07T08:39:33","date_gmt":"2024-12-07T08:39:33","guid":{"rendered":"http:\/\/longcando.id.vn\/?post_type=product&#038;p=404"},"modified":"2024-12-20T14:00:42","modified_gmt":"2024-12-20T14:00:42","slug":"quan-ao-cho-meo-hoa-trang-vui-nhon-3-mon-cho-thu-cung","status":"publish","type":"product","link":"http:\/\/longcando.id.vn\/index.php\/san-pham\/quan-ao-cho-meo-hoa-trang-vui-nhon-3-mon-cho-thu-cung\/","title":{"rendered":"Qu\u1ea7n \u00e1o ch\u00f3 m\u00e8o H\u00f3a Trang Vui Nh\u1ed9n 3 M\u00f3n Cho Th\u00fa C\u01b0ng"},"content":{"rendered":"<p><strong>TH\u00d4NG TIN S\u1ea2N PH\u1ea8M<\/strong><\/p>\n<p class=\"QN2lPu\">T\u00ean s\u1ea3n ph\u1ea9m: Qu\u1ea7n \u00e1o ch\u00f3 m\u00e8o H\u00f3a Trang Vui Nh\u1ed9n 3 M\u00f3n Cho Th\u00fa C\u01b0ng<\/p>\n<p class=\"QN2lPu\">Lo\u1ea1i s\u1ea3n ph\u1ea9m: Trang ph\u1ee5c Cosplay cho th\u00fa c\u01b0ng<\/p>\n<p class=\"QN2lPu\">Ch\u1ea5t li\u1ec7u: Polyester Cotton<\/p>\n<p class=\"QN2lPu\">M\u00e0u s\u1eafc: Nh\u01b0 h\u00ecnh \u1ea3nh<\/p>\n<p class=\"QN2lPu\">\u0110\u1ed1i t\u01b0\u1ee3ng m\u1ee5c ti\u00eau: Ch\u00f3, m\u00e8o<\/p>\n<p class=\"QN2lPu\">T\u00ednh n\u0103ng: B\u1ec1n<\/p>\n<p class=\"QN2lPu\">K\u00edch th\u01b0\u1edbc: S \/ M \/ L \/ XL<\/p>\n<p class=\"QN2lPu\">K\u00edch th\u01b0\u1edbc&#8212;&#8212;&#8212;Ng\u1ef1c&#8212;&#8212;&#8212;&#8212;&#8212;&#8212;-C\u1ed5&#8212;&#8212;&#8212;&#8212;-<\/p>\n<p class=\"QN2lPu\">S&#8212;-53-66cm &#8212;&#8211;40cm<\/p>\n<p class=\"QN2lPu\">M&#8212;-67-80cm &#8212;&#8211;53cm<\/p>\n<p class=\"QN2lPu\">L&#8212;-80-93cm&#8212;&#8211;66cm<\/p>\n<p class=\"QN2lPu\">XL &#8211; ph\u00f9 h\u1ee3p v\u1edbi c\u00e1c gi\u1ed1ng ch\u00f3 bigsize (golden, labrador, husky, alaska,&#8230;.)<\/p>\n<p class=\"QN2lPu\">\u0110\u1eb7c \u0111i\u1ec3m:<\/p>\n<p class=\"QN2lPu\">1. \u0110\u01b0\u1ee3c l\u00e0m t\u1eeb ch\u1ea5t li\u1ec7u cao c\u1ea5p, m\u1ec1m m\u1ea1i v\u00e0 tho\u1ea3i m\u00e1i, th\u00e2n thi\u1ec7n v\u1edbi l\u00e0n da v\u00e0 s\u1ee9c kh\u1ecfe cho th\u00fa c\u01b0ng.<\/p>\n<p class=\"QN2lPu\">2. V\u1edbi th\u1ee7 c\u00f4ng tinh t\u1ebf, n\u00f3 b\u1ec1n v\u00e0 ch\u1ed1ng m\u00e0i m\u00f2n, c\u00f3 tu\u1ed5i th\u1ecd l\u00e2u d\u00e0i.<\/p>\n<p class=\"QN2lPu\">3. Trang ph\u1ee5c \u0111\u01b0\u1ee3c thi\u1ebft k\u1ebf v\u1edbi ph\u1ea7n th\u00e2n v\u00e0 c\u00e1nh tay nh\u1ed3i b\u00f4ng v\u00e0 \u00e1p d\u1ee5ng thi\u1ebft k\u1ebf tay \u00e1o d\u00e0i. C\u00f3 2 d\u00e2y \u0111\u1ec3 b\u1ea1n c\u00f3 th\u1ec3 d\u00f9ng ch\u00fang \u0111\u1ec3 c\u1ed1 \u0111\u1ecbnh \u0111\u1ec3 m\u1eb7c cho ch\u00f3 c\u1ee7a m\u00ecnh.<\/p>\n<p class=\"QN2lPu\">4. M\u00e1y c\u1eaft b\u1eaft ch\u01b0\u1edbc b\u1eb1ng b\u1ecdt d\u1ec5 d\u00e0ng g\u1eafn v\u00e0o v\u00e0 th\u00e1o ra kh\u1ecfi trang ph\u1ee5c.<\/p>\n<p class=\"QN2lPu\">5. M\u0169 t\u00f3c gi\u1ea3 \u0111\u01b0\u1ee3c thi\u1ebft k\u1ebf c\u00f3 l\u1ed7 tai t\u1ea1o c\u1ea3m gi\u00e1c tho\u1ea3i m\u00e1i cho ch\u00f3 v\u00e0 d\u00e2y thun gi\u00fap gi\u1eef ch\u1eafc.<\/p>\n<p class=\"QN2lPu\">G\u00f3i h\u00e0ng bao g\u1ed3m: 1 x \u00e1o cho ch\u00f3 1 x M\u0169 1 x m\u00e1y c\u1eaft b\u1eaft ch\u01b0\u1edbc b\u1ecdt<\/p>\n<p class=\"QN2lPu\">L\u01b0u \u00fd:<\/p>\n<p class=\"QN2lPu\">1. Xin vui l\u00f2ng cho ph\u00e9p sai s\u1ed1 1-3 cm do \u0111o l\u01b0\u1eddng th\u1ee7 c\u00f4ng v\u00e0 3-5g cho s\u1ef1 kh\u00e1c bi\u1ec7t gi\u1eefa c\u00e1c m\u00e0u s\u1eafc kh\u00e1c nhau.<\/p>\n<p class=\"QN2lPu\">2. Do s\u1ef1 kh\u00e1c bi\u1ec7t v\u1ec1 m\u00e0n h\u00ecnh, m\u00e0u s\u1eafc c\u00f3 th\u1ec3 h\u01a1i kh\u00e1c so v\u1edbi nh\u1eefng g\u00ec b\u1ea1n mong \u0111\u1ee3i, vui l\u00f2ng th\u00f4ng c\u1ea3m.<\/p>\n<p><em><strong>Quy\u1ec1n l\u1ee3i khi mua h\u00e0ng t\u1ea1i P-Pet Shop:<\/strong><\/em><br \/>\nCam k\u1ebft h\u00e0ng ch\u00ednh h\u00e3ng 100%<br \/>\nHo\u00e0n ti\u1ec1n v\u00e0 \u0111\u1ed5i tr\u1ea3 s\u1ea3n ph\u1ea9m n\u1ebfu kh\u00f4ng \u0111\u00fang mi\u00eau t\u1ea3. N\u1ebfu ph\u00e1t hi\u1ec7n ra h\u00e0ng Fake ho\u00e0n ti\u1ec1n g\u1ea5p \u0111\u00f4i s\u1ea3n ph\u1ea9m<br \/>\nN\u1ebfu c\u00f3 b\u1ea5t k\u00ec \u0111i\u1ec1u g\u00ec c\u1ea7n h\u1ed7 tr\u1ee3 v\u1edbi s\u1ea3n ph\u1ea9m vui l\u00f2ng li\u00ean h\u1ec7 ngay v\u1edbi P-Pet Shop<br \/>\nCh\u00fang t\u00f4i cam k\u1ebft \u0111\u1eb7t uy t\u00edn v\u00e0 ch\u1ea5t l\u01b0\u1ee3ng s\u1ea3n ph\u1ea9m l\u00ean h\u00e0ng \u0111\u1ea7u<\/p>\n","protected":false},"excerpt":{"rendered":"<p>TH\u00d4NG TIN S\u1ea2N PH\u1ea8M T\u00ean s\u1ea3n ph\u1ea9m: Qu\u1ea7n \u00e1o ch\u00f3 m\u00e8o H\u00f3a Trang Vui Nh\u1ed9n 3 M\u00f3n Cho Th\u00fa C\u01b0ng Lo\u1ea1i s\u1ea3n ph\u1ea9m: Trang ph\u1ee5c Cosplay cho th\u00fa c\u01b0ng Ch\u1ea5t li\u1ec7u: Polyester Cotton M\u00e0u s\u1eafc: Nh\u01b0 h\u00ecnh \u1ea3nh \u0110\u1ed1i t\u01b0\u1ee3ng m\u1ee5c ti\u00eau: Ch\u00f3, m\u00e8o T\u00ednh n\u0103ng: B\u1ec1n K\u00edch th\u01b0\u1edbc: S \/ M \/ L \/ [&hellip;]<\/p>\n","protected":false},"featured_media":427,"comment_status":"open","ping_status":"closed","template":"","meta":[],"product_cat":[26],"product_tag":[43,31,118,119,117,120],"class_list":{"0":"post-404","1":"product","2":"type-product","3":"status-publish","4":"has-post-thumbnail","6":"product_cat-thoi-trang-thu-cung","7":"product_tag-cho","8":"product_tag-meo","9":"product_tag-quan-ao-cho","10":"product_tag-quan-ao-meo","11":"product_tag-quan-ao-thu-cung","12":"product_tag-thoi-trang","14":"first","15":"instock","16":"sale","17":"taxable","18":"shipping-taxable","19":"purchasable","20":"product-type-variable"},"jetpack_sharing_enabled":true,"_links":{"self":[{"href":"http:\/\/longcando.id.vn\/index.php\/wp-json\/wp\/v2\/product\/404","targetHints":{"allow":["GET"]}}],"collection":[{"href":"http:\/\/longcando.id.vn\/index.php\/wp-json\/wp\/v2\/product"}],"about":[{"href":"http:\/\/longcando.id.vn\/index.php\/wp-json\/wp\/v2\/types\/product"}],"replies":[{"embeddable":true,"href":"http:\/\/longcando.id.vn\/index.php\/wp-json\/wp\/v2\/comments?post=404"}],"wp:featuredmedia":[{"embeddable":true,"href":"http:\/\/longcando.id.vn\/index.php\/wp-json\/wp\/v2\/media\/427"}],"wp:attachment":[{"href":"http:\/\/longcando.id.vn\/index.php\/wp-json\/wp\/v2\/media?parent=404"}],"wp:term":[{"taxonomy":"product_cat","embeddable":true,"href":"http:\/\/longcando.id.vn\/index.php\/wp-json\/wp\/v2\/product_cat?post=404"},{"taxonomy":"product_tag","embeddable":true,"href":"http:\/\/longcando.id.vn\/index.php\/wp-json\/wp\/v2\/product_tag?post=404"}],"curies":[{"name":"wp","href":"https:\/\/api.w.org\/{rel}","templated":true}]}}