{"id":376,"date":"2024-12-07T08:37:27","date_gmt":"2024-12-07T08:37:27","guid":{"rendered":"http:\/\/longcando.id.vn\/?post_type=product&#038;p=376"},"modified":"2024-12-20T14:00:44","modified_gmt":"2024-12-20T14:00:44","slug":"quan-ao-ni-bong-lna-cho-cho-meo-giu-am-kem-mu-va-tui-dung-khoa-keo-cao-cap","status":"publish","type":"product","link":"http:\/\/longcando.id.vn\/index.php\/san-pham\/quan-ao-ni-bong-lna-cho-cho-meo-giu-am-kem-mu-va-tui-dung-khoa-keo-cao-cap\/","title":{"rendered":"Qu\u1ea7n \u00e1o n\u1ec9 b\u00f4ng Lna cho ch\u00f3 m\u00e8o gi\u1eef \u1ea5m k\u00e8m m\u0169 v\u00e0 t\u00fai \u0111\u1ef1ng kh\u00f3a k\u00e9o cao c\u1ea5p"},"content":{"rendered":"<p><strong>TH\u00d4NG TIN S\u1ea2N PH\u1ea8M<\/strong><\/p>\n<p class=\"QN2lPu\">Qu\u1ea7n \u00e1o n\u1ec9 b\u00f4ng cho ch\u00f3 m\u00e8o gi\u1eef \u1ea5m k\u00e8m m\u0169 v\u00e0 t\u00fai \u0111\u1ef1ng kh\u00f3a k\u00e9o cao c\u1ea5p ch\u00ednh h\u00e3ng<\/p>\n<p class=\"QN2lPu\">Th\u1eddi ti\u1ebft b\u1eaft \u0111\u1ea7u v\u00e0o thu, \u0111\u00f4ng v\u00e0 tr\u1eddi h\u01a1i se l\u1ea1nh r\u1ed3i. C\u00e1c b\u1ea1n n\u00ean mua cho c\u00e1c boss v\u00e0i b\u1ed9 qu\u1ea7n \u00e1o m\u1eb7c cho xinh nh\u00e9. \u00c1o ch\u1ea5t \u0111\u1eb9p, \u0111\u1ed9 d\u00e0y v\u1eeba ph\u1ea3i, d\u00e1ng tay l\u1eedng, r\u1ea5t h\u1ee3p trendy v\u00e0 th\u1eddi trang<\/p>\n<p class=\"QN2lPu\">\u0110\u1ea3m b\u1ea3o c\u00e1c boss m\u1eb7c l\u00e0 xinh. Nh\u00ecn \u0111\u00e1ng y\u00eau v\u00f4 c\u00f9ng t\u1eadn ^^<\/p>\n<p class=\"QN2lPu\">1, Th\u00f4ng tin s\u1ea3n ph\u1ea9m ch\u00ednh h\u00e3ng<\/p>\n<p class=\"QN2lPu\">&#8211; C\u00e2n N\u1eb7ng ph\u00f9 h\u1ee3p (c\u00e2n n\u1eb7ng t\u1eeb 500 gram \u0111\u1ebfn 10 kg).<\/p>\n<p class=\"QN2lPu\">&#8211; Ch\u1ea5t li\u1ec7u: a\u0301o cho thu\u0301 cu\u031bng t\u1eeb 100% v\u1ea3i m\u1ec1m m\u1ea1i, th\u1ea5m h\u00fat m\u1ed3 h\u00f4i, co gi\u00e3n 4 chi\u1ec1u. Ch\u1ea5t v\u1ea3i cotton v\u00e0 n\u1ec9 cao c\u1ea5p c\u00f3 \u0111\u1ed9 b\u1ec1n d\u00e0i l\u00e2u, kh\u00f4ng phai m\u00e0u hay b\u1ecb x\u00f9 l\u00f4ng, v\u00f4 c\u00f9ng an to\u00e0n cho l\u00e0n da c\u1ee7a b\u00e9.<\/p>\n<p class=\"QN2lPu\">&#8211; Thi\u1ebft k\u1ebf a\u0301o cho thu\u0301 cu\u031bng chu\u1ea9n xu h\u01b0\u1edbng \u0111\u01b0\u1ee3c c\u1eaft may t\u1ec9 m\u1ec9, chi ti\u1ebft \u0111\u1ea3m b\u1ea3o \u0111\u1ed9 b\u1ec1n \u0111\u1eb9p ho\u00e0n h\u1ea3o v\u1edbi th\u1eddi gian.<\/p>\n<p class=\"QN2lPu\">&#8211; Xu\u1ea5t x\u1ee9: H\u00e0ng thi\u1ebft k\u1ebf theo xu h\u01b0\u1edbng n\u0103m 2021<\/p>\n<p class=\"QN2lPu\">&#8211; Ki\u1ec3u d\u00e1ng: \u0111a d\u1ea1ng t\u1eeb: kh\u1ee7ng long, g\u1ea5u tr\u00fac, pikachu, b\u00f2 s\u1eefa v\u00e0 h\u1ed5 v\u1eb1n&#8230; th\u00edch h\u1ee3p cho kh\u00e1ch iu l\u1ef1a ch\u1ecdn ^^<\/p>\n<p class=\"QN2lPu\">2, K\u00edch th\u01b0\u1edbc qu\u1ea7n \u00e1o<\/p>\n<p class=\"QN2lPu\">Size S: Chi\u1ec1u d\u00e0i th\u00e2n 21cm- V\u00f2ng ng\u1ef1c 40cm( b\u00e9 d\u01b0\u1edbi 3kg )<\/p>\n<p class=\"QN2lPu\">Size M: Chi\u1ec1u d\u00e0i th\u00e2n 26cm- V\u00f2ng ng\u1ef1c 43cm( b\u00e9 t\u1eeb 3kg \u0111\u1ebfn 5kg )<\/p>\n<p class=\"QN2lPu\">Size L: Chi\u1ec1u d\u00e0i th\u00e2n 29cm- V\u00f2ng ng\u1ef1c 50cm( b\u00e9 t\u1eeb 5kg \u0111\u1ebfn 8kg )<\/p>\n<p class=\"QN2lPu\">Size XL: Chi\u1ec1u d\u00e0i th\u00e2n 34cm- V\u00f2ng ng\u1ef1c 56cm( b\u00e9 t\u1eeb 8kg tr\u1edf l\u00ean )<\/p>\n<p class=\"QN2lPu\">L\u01afU \u00dd: C\u00c2N N\u1eb6NG PH\u00cdA TR\u00caN CH\u1ec8 MANG T\u00cdNH CH\u1ea4T THAM KH\u1ea2O.\u0110\u1ec2 CH\u1eccN \u0110\u00daNG SIZE QU\u00dd KH\u00c1CH VUI L\u00d2NG INBOX SHOP \u0110\u1ec2 \u0110\u01af\u1ee2C T\u01af V\u1ea4N CH\u00cdNH X\u00c1C. HO\u1eb6C \u0110O CHI\u1ec0U D\u00c0I V\u00c0 V\u00d2NG NG\u1ef0C R\u1ed2I SO S\u00c1NH K\u00cdCH TH\u01af\u1edaC T\u1eeaNG SIZE \u0110\u1ec2 CH\u1eccN \u0110\u00daNG SIZE TH\u00cdCH H\u1ee2P!<\/p>\n<p class=\"QN2lPu\">Xu\u1ea5t x\u1ee9: Trung Qu\u1ed1c<\/p>\n<p><em><strong>Quy\u1ec1n l\u1ee3i khi mua h\u00e0ng t\u1ea1i P-Pet Shop:<\/strong><\/em><br \/>\nCam k\u1ebft h\u00e0ng ch\u00ednh h\u00e3ng 100%<br \/>\nHo\u00e0n ti\u1ec1n v\u00e0 \u0111\u1ed5i tr\u1ea3 s\u1ea3n ph\u1ea9m n\u1ebfu kh\u00f4ng \u0111\u00fang mi\u00eau t\u1ea3. N\u1ebfu ph\u00e1t hi\u1ec7n ra h\u00e0ng Fake ho\u00e0n ti\u1ec1n g\u1ea5p \u0111\u00f4i s\u1ea3n ph\u1ea9m<br \/>\nN\u1ebfu c\u00f3 b\u1ea5t k\u00ec \u0111i\u1ec1u g\u00ec c\u1ea7n h\u1ed7 tr\u1ee3 v\u1edbi s\u1ea3n ph\u1ea9m vui l\u00f2ng li\u00ean h\u1ec7 ngay v\u1edbi P-Pet Shop<br \/>\nCh\u00fang t\u00f4i cam k\u1ebft \u0111\u1eb7t uy t\u00edn v\u00e0 ch\u1ea5t l\u01b0\u1ee3ng s\u1ea3n ph\u1ea9m l\u00ean h\u00e0ng \u0111\u1ea7u<\/p>\n","protected":false},"excerpt":{"rendered":"<p>TH\u00d4NG TIN S\u1ea2N PH\u1ea8M Qu\u1ea7n \u00e1o n\u1ec9 b\u00f4ng cho ch\u00f3 m\u00e8o gi\u1eef \u1ea5m k\u00e8m m\u0169 v\u00e0 t\u00fai \u0111\u1ef1ng kh\u00f3a k\u00e9o cao c\u1ea5p ch\u00ednh h\u00e3ng Th\u1eddi ti\u1ebft b\u1eaft \u0111\u1ea7u v\u00e0o thu, \u0111\u00f4ng v\u00e0 tr\u1eddi h\u01a1i se l\u1ea1nh r\u1ed3i. C\u00e1c b\u1ea1n n\u00ean mua cho c\u00e1c boss v\u00e0i b\u1ed9 qu\u1ea7n \u00e1o m\u1eb7c cho xinh nh\u00e9. \u00c1o ch\u1ea5t \u0111\u1eb9p, [&hellip;]<\/p>\n","protected":false},"featured_media":383,"comment_status":"open","ping_status":"closed","template":"","meta":[],"product_cat":[26],"product_tag":[43,31,118,119,117,120],"class_list":{"0":"post-376","1":"product","2":"type-product","3":"status-publish","4":"has-post-thumbnail","6":"product_cat-thoi-trang-thu-cung","7":"product_tag-cho","8":"product_tag-meo","9":"product_tag-quan-ao-cho","10":"product_tag-quan-ao-meo","11":"product_tag-quan-ao-thu-cung","12":"product_tag-thoi-trang","14":"first","15":"instock","16":"taxable","17":"shipping-taxable","18":"purchasable","19":"product-type-variable"},"jetpack_sharing_enabled":true,"_links":{"self":[{"href":"http:\/\/longcando.id.vn\/index.php\/wp-json\/wp\/v2\/product\/376","targetHints":{"allow":["GET"]}}],"collection":[{"href":"http:\/\/longcando.id.vn\/index.php\/wp-json\/wp\/v2\/product"}],"about":[{"href":"http:\/\/longcando.id.vn\/index.php\/wp-json\/wp\/v2\/types\/product"}],"replies":[{"embeddable":true,"href":"http:\/\/longcando.id.vn\/index.php\/wp-json\/wp\/v2\/comments?post=376"}],"wp:featuredmedia":[{"embeddable":true,"href":"http:\/\/longcando.id.vn\/index.php\/wp-json\/wp\/v2\/media\/383"}],"wp:attachment":[{"href":"http:\/\/longcando.id.vn\/index.php\/wp-json\/wp\/v2\/media?parent=376"}],"wp:term":[{"taxonomy":"product_cat","embeddable":true,"href":"http:\/\/longcando.id.vn\/index.php\/wp-json\/wp\/v2\/product_cat?post=376"},{"taxonomy":"product_tag","embeddable":true,"href":"http:\/\/longcando.id.vn\/index.php\/wp-json\/wp\/v2\/product_tag?post=376"}],"curies":[{"name":"wp","href":"https:\/\/api.w.org\/{rel}","templated":true}]}}