{"id":335,"date":"2024-12-06T17:48:33","date_gmt":"2024-12-06T17:48:33","guid":{"rendered":"http:\/\/longcando.id.vn\/?post_type=product&#038;p=335"},"modified":"2024-12-20T13:49:35","modified_gmt":"2024-12-20T13:49:35","slug":"do-choi-bong-chuot-long-sat-cho-meo","status":"publish","type":"product","link":"http:\/\/longcando.id.vn\/index.php\/san-pham\/do-choi-bong-chuot-long-sat-cho-meo\/","title":{"rendered":"\u0110\u1ed3 ch\u01a1i b\u00f3ng chu\u1ed9t l\u1ed3ng s\u1eaft cho m\u00e8o"},"content":{"rendered":"<p>M\u00f4 t\u1ea3 TH\u00d4NG TIN S\u1ea2N PH\u1ea8M<\/p>\n<p>T\u00ean s\u1ea3n ph\u1ea9m : B\u00f3ng chu\u1ed9t l\u1ed3ng s\u1eaft cho m\u00e8o<\/p>\n<p>Ch\u1ea5t li\u1ec7u : B\u00f4ng + s\u1eaft<\/p>\n<p>K\u00edch th\u01b0\u1edbc : \u0110\u01b0\u1eddng k\u00ednh 6m<\/p>\n<p>Tr\u1ecdng l\u01b0\u1ee3ng 20 gr<\/p>\n<p>M\u00e0u s\u1eafc : Nhi\u1ec1u m\u00e0u s\u1eafc<\/p>\n<p>\u0110\u1eb7c \u0111i\u1ec3m c\u00f4ng d\u1ee5ng:<\/p>\n<p>\u2013 M\u00e8o sinh ra \u0111\u00e3 c\u00f3 t\u1eadp t\u00ednh v\u1eddn b\u1eaft, n\u00ean vi\u1ec7c mua cho b\u00e9 nh\u00e0 m\u00ecnh m\u1ed9t m\u00f3n \u0111\u1ed3 ch\u01a1i nh\u01b0 B\u00f3ng chu\u1ed9t l\u1ed3ng s\u1eaft l\u00e0 s\u1ef1 l\u1ef1a ch\u1ecdn ho\u00e0n h\u1ea3o \u2013 B\u1ea1n kh\u00f4ng c\u1ea7n b\u1ecf ra qu\u00e1 nhi\u1ec1u th\u1eddi gian ch\u01a1i c\u00f9ng v\u1edbi c\u00e1c b\u00e9, ch\u1ec9 c\u1ea7n m\u1ed9t qu\u1ea3 b\u00f3ng m\u00e8o nh\u00e0 b\u1ea1n c\u00f3 th\u1ec3 t\u1ef1 ch\u01a1i<\/p>\n<p>\u2013 Ch\u1ea5t li\u1ec7u: Kim lo\u1ea1i t\u1ed1t. Kh\u00f4ng l\u00e0m \u1ea3nh h\u01b0\u1edfng r\u0103ng c\u1ee7a th\u00fa c\u01b0ng khi c\u1eafn\/ngo\u1ea1m.<\/p>\n<p>\u2013 M\u00e0u s\u1eafc \u0111a d\u1ea1ng, k\u00edch th\u00edch s\u1ef1 t\u00f2 m\u00f2 c\u0169ng nh\u01b0 l\u00e0m th\u00fa c\u01b0ng c\u1ee7a b\u1ea1n h\u1ee9ng th\u00fa h\u01a1n khi ch\u01a1i.<\/p>\n<p>\u2013 B\u1ea1n c\u0169ng c\u00f3 th\u1ec3 s\u1eed d\u1ee5ng s\u1ea3n ph\u1ea9m \u0111\u1ec3 ch\u01a1i \u0111\u00f9a c\u00f9ng th\u00fa c\u01b0ng, hu\u1ea5n luy\u1ec7n cho th\u00fa c\u01b0ng c\u00e1ch b\u1eaft\/tha \u0111\u1ed3.<\/p>\n<p>\u2013 S\u1ea3n ph\u1ea9m s\u1ebd l\u00e0 m\u1ed9t d\u1ee5ng c\u1ee5 x\u1ea3 stress l\u00fd t\u01b0\u1edfng cho b\u1ea1n, c\u0169ng nh\u01b0 th\u00fa c\u01b0ng.<\/p>\n<p><strong>Quy\u1ec1n l\u1ee3i khi mua h\u00e0ng t\u1ea1i P-Pet Shop:<\/strong><br \/>\nCam k\u1ebft h\u00e0ng ch\u00ednh h\u00e3ng 100% Ho\u00e0n ti\u1ec1n v\u00e0 \u0111\u1ed5i tr\u1ea3 s\u1ea3n ph\u1ea9m n\u1ebfu kh\u00f4ng \u0111\u00fang mi\u00eau t\u1ea3.<br \/>\nN\u1ebfu ph\u00e1t hi\u1ec7n ra h\u00e0ng Fake ho\u00e0n ti\u1ec1n g\u1ea5p \u0111\u00f4i s\u1ea3n ph\u1ea9m<br \/>\nN\u1ebfu c\u00f3 b\u1ea5t k\u00ec \u0111i\u1ec1u g\u00ec c\u1ea7n h\u1ed7 tr\u1ee3 v\u1edbi s\u1ea3n ph\u1ea9m vui l\u00f2ng li\u00ean h\u1ec7 ngay v\u1edbi P-Pet Shop<br \/>\nCh\u00fang t\u00f4i cam k\u1ebft \u0111\u1eb7t uy t\u00edn v\u00e0 ch\u1ea5t l\u01b0\u1ee3ng s\u1ea3n ph\u1ea9m l\u00ean h\u00e0ng \u0111\u1ea7u<\/p>\n","protected":false},"excerpt":{"rendered":"<p>M\u00f4 t\u1ea3 TH\u00d4NG TIN S\u1ea2N PH\u1ea8M T\u00ean s\u1ea3n ph\u1ea9m : B\u00f3ng chu\u1ed9t l\u1ed3ng s\u1eaft cho m\u00e8o Ch\u1ea5t li\u1ec7u : B\u00f4ng + s\u1eaft K\u00edch th\u01b0\u1edbc : \u0110\u01b0\u1eddng k\u00ednh 6m Tr\u1ecdng l\u01b0\u1ee3ng 20 gr M\u00e0u s\u1eafc : Nhi\u1ec1u m\u00e0u s\u1eafc \u0110\u1eb7c \u0111i\u1ec3m c\u00f4ng d\u1ee5ng: \u2013 M\u00e8o sinh ra \u0111\u00e3 c\u00f3 t\u1eadp t\u00ednh v\u1eddn b\u1eaft, n\u00ean vi\u1ec7c mua [&hellip;]<\/p>\n","protected":false},"featured_media":336,"comment_status":"open","ping_status":"closed","template":"","meta":[],"product_cat":[25],"product_tag":[85,100,83,31],"class_list":{"0":"post-335","1":"product","2":"type-product","3":"status-publish","4":"has-post-thumbnail","6":"product_cat-do-choi-thu-cung","7":"product_tag-bong","8":"product_tag-bong-do-choi","9":"product_tag-do-choi","10":"product_tag-meo","12":"first","13":"instock","14":"sale","15":"taxable","16":"shipping-taxable","17":"purchasable","18":"product-type-simple"},"jetpack_sharing_enabled":true,"_links":{"self":[{"href":"http:\/\/longcando.id.vn\/index.php\/wp-json\/wp\/v2\/product\/335","targetHints":{"allow":["GET"]}}],"collection":[{"href":"http:\/\/longcando.id.vn\/index.php\/wp-json\/wp\/v2\/product"}],"about":[{"href":"http:\/\/longcando.id.vn\/index.php\/wp-json\/wp\/v2\/types\/product"}],"replies":[{"embeddable":true,"href":"http:\/\/longcando.id.vn\/index.php\/wp-json\/wp\/v2\/comments?post=335"}],"wp:featuredmedia":[{"embeddable":true,"href":"http:\/\/longcando.id.vn\/index.php\/wp-json\/wp\/v2\/media\/336"}],"wp:attachment":[{"href":"http:\/\/longcando.id.vn\/index.php\/wp-json\/wp\/v2\/media?parent=335"}],"wp:term":[{"taxonomy":"product_cat","embeddable":true,"href":"http:\/\/longcando.id.vn\/index.php\/wp-json\/wp\/v2\/product_cat?post=335"},{"taxonomy":"product_tag","embeddable":true,"href":"http:\/\/longcando.id.vn\/index.php\/wp-json\/wp\/v2\/product_tag?post=335"}],"curies":[{"name":"wp","href":"https:\/\/api.w.org\/{rel}","templated":true}]}}