{"id":310,"date":"2024-12-06T17:32:12","date_gmt":"2024-12-06T17:32:12","guid":{"rendered":"http:\/\/longcando.id.vn\/?post_type=product&#038;p=310"},"modified":"2024-12-20T13:48:15","modified_gmt":"2024-12-20T13:48:15","slug":"do-choi-day-thung-cotton-cho-cho","status":"publish","type":"product","link":"http:\/\/longcando.id.vn\/index.php\/san-pham\/do-choi-day-thung-cotton-cho-cho\/","title":{"rendered":"\u0110\u1ed3 ch\u01a1i d\u00e2y th\u1eebng cotton cho ch\u00f3"},"content":{"rendered":"<p>TH\u00d4NG TIN S\u1ea2N PH\u1ea8M<\/p>\n<p>&#8211; S\u1ea3n ph\u1ea9m \u0111\u1ed3 ch\u01a1i t\u01b0\u01a1ng t\u00e1c v\u1edbi th\u00fa c\u01b0ng \u0111\u01b0\u1ee3c l\u00e0m b\u1edfi ch\u1ea5t li\u1ec7u cotton cao c\u1ea5p d\u1ec7t \u0111an ch\u1eafc ch\u1eafn, b\u1ec1n b\u1ec9 \u0111\u00e1p \u1ee9ng nhu c\u1ea7u g\u1eb7m c\u1eafn c\u1ee7a c\u00e1c b\u00e9 ch\u00f3.<\/p>\n<p>&#8211; Ch\u1ea5t li\u1ec7u v\u1edbi \u0111\u1ed9 b\u1ec1n cao, m\u00e0u s\u1eafc thu h\u00fat, th\u00e2n thi\u1ec7n v\u1edbi m\u00f4i tr\u01b0\u1eddng, kh\u00f4ng \u0111\u1ed9c h\u1ea1i v\u00e0 \u0111\u1eb7c bi\u1ec7t an to\u00e0n cho s\u1ee9c kho\u1ebb th\u00fa c\u01b0ng.<\/p>\n<p>&#8211; K\u00edch th\u01b0\u1edbc: 20cm<\/p>\n<p>&#8211; C\u00f4ng d\u1ee5ng:<\/p>\n<p>+ \u0110\u1ed3 ch\u01a1i t\u01b0\u01a1ng t\u00e1c g\u1eb7m, c\u1eafn cho ch\u00f3 l\u00e0m gi\u1ea3m stress, gi\u1ea3i t\u1ecfa c\u0103ng th\u1eb3ng khi c\u00e1c b\u00e9 ph\u1ea3i \u1edf nh\u00e0 1 m\u00ecnh.<\/p>\n<p>+ S\u1ea3n ph\u1ea9m \u0111\u1ed3 ch\u01a1i t\u01b0\u01a1ng t\u00e1c v\u1edbi th\u00fa c\u01b0ng n\u00e0y l\u00e0 l\u1ef1a ch\u1ecdn tuy\u1ec7t v\u1eddi k\u00edch th\u00edch b\u1ea3n n\u0103ng nhai g\u1eb7m t\u1ef1 nhi\u00ean c\u1ee7a th\u00fa c\u01b0ng h\u1ed7 tr\u1ee3 l\u00e0m s\u1ea1ch r\u0103ng v\u00e0 n\u01b0\u1edbu.<\/p>\n<p>+ H\u1ea1n ch\u1ebf vi\u1ec7c th\u00fa c\u01b0ng c\u1eafn ph\u00e1 \u0111\u1ed3 \u0111\u1ea1c trong nh\u00e0.<\/p>\n<p>+ S\u1eed d\u1ee5ng c\u00e1c m\u00f3n \u0111\u1ed3 ch\u01a1i c\u00f9ng th\u00fa c\u01b0ng s\u1ebd gi\u00fap t\u0103ng s\u1ef1 t\u01b0\u01a1ng t\u00e1c gi\u1eefa th\u00fa c\u01b0ng v\u00e0 ch\u1ee7, khi\u1ebfn c\u00e1c b\u00e9 y\u00eau qu\u00fd, qu\u1ea5n ch\u1ee7 h\u01a1n.<\/p>\n<p><strong>Quy\u1ec1n l\u1ee3i khi mua h\u00e0ng t\u1ea1i P-Pet Shop:<\/strong><\/p>\n<p>Cam k\u1ebft h\u00e0ng ch\u00ednh h\u00e3ng 100% Ho\u00e0n ti\u1ec1n v\u00e0 \u0111\u1ed5i tr\u1ea3 s\u1ea3n ph\u1ea9m n\u1ebfu kh\u00f4ng \u0111\u00fang mi\u00eau t\u1ea3.<\/p>\n<p>N\u1ebfu ph\u00e1t hi\u1ec7n ra h\u00e0ng Fake ho\u00e0n ti\u1ec1n g\u1ea5p \u0111\u00f4i s\u1ea3n ph\u1ea9m<\/p>\n<p>N\u1ebfu c\u00f3 b\u1ea5t k\u00ec \u0111i\u1ec1u g\u00ec c\u1ea7n h\u1ed7 tr\u1ee3 v\u1edbi s\u1ea3n ph\u1ea9m vui l\u00f2ng li\u00ean h\u1ec7 ngay v\u1edbi P-Pet Shop<\/p>\n<p>Ch\u00fang t\u00f4i cam k\u1ebft \u0111\u1eb7t uy t\u00edn v\u00e0 ch\u1ea5t l\u01b0\u1ee3ng s\u1ea3n ph\u1ea9m l\u00ean h\u00e0ng \u0111\u1ea7u<\/p>\n","protected":false},"excerpt":{"rendered":"<p>TH\u00d4NG TIN S\u1ea2N PH\u1ea8M &#8211; S\u1ea3n ph\u1ea9m \u0111\u1ed3 ch\u01a1i t\u01b0\u01a1ng t\u00e1c v\u1edbi th\u00fa c\u01b0ng \u0111\u01b0\u1ee3c l\u00e0m b\u1edfi ch\u1ea5t li\u1ec7u cotton cao c\u1ea5p d\u1ec7t \u0111an ch\u1eafc ch\u1eafn, b\u1ec1n b\u1ec9 \u0111\u00e1p \u1ee9ng nhu c\u1ea7u g\u1eb7m c\u1eafn c\u1ee7a c\u00e1c b\u00e9 ch\u00f3. &#8211; Ch\u1ea5t li\u1ec7u v\u1edbi \u0111\u1ed9 b\u1ec1n cao, m\u00e0u s\u1eafc thu h\u00fat, th\u00e2n thi\u1ec7n v\u1edbi m\u00f4i tr\u01b0\u1eddng, kh\u00f4ng [&hellip;]<\/p>\n","protected":false},"featured_media":316,"comment_status":"open","ping_status":"closed","template":"","meta":[],"product_cat":[25],"product_tag":[43,91,83],"class_list":{"0":"post-310","1":"product","2":"type-product","3":"status-publish","4":"has-post-thumbnail","6":"product_cat-do-choi-thu-cung","7":"product_tag-cho","8":"product_tag-day-thung","9":"product_tag-do-choi","11":"first","12":"instock","13":"taxable","14":"shipping-taxable","15":"purchasable","16":"product-type-simple"},"jetpack_sharing_enabled":true,"_links":{"self":[{"href":"http:\/\/longcando.id.vn\/index.php\/wp-json\/wp\/v2\/product\/310","targetHints":{"allow":["GET"]}}],"collection":[{"href":"http:\/\/longcando.id.vn\/index.php\/wp-json\/wp\/v2\/product"}],"about":[{"href":"http:\/\/longcando.id.vn\/index.php\/wp-json\/wp\/v2\/types\/product"}],"replies":[{"embeddable":true,"href":"http:\/\/longcando.id.vn\/index.php\/wp-json\/wp\/v2\/comments?post=310"}],"wp:featuredmedia":[{"embeddable":true,"href":"http:\/\/longcando.id.vn\/index.php\/wp-json\/wp\/v2\/media\/316"}],"wp:attachment":[{"href":"http:\/\/longcando.id.vn\/index.php\/wp-json\/wp\/v2\/media?parent=310"}],"wp:term":[{"taxonomy":"product_cat","embeddable":true,"href":"http:\/\/longcando.id.vn\/index.php\/wp-json\/wp\/v2\/product_cat?post=310"},{"taxonomy":"product_tag","embeddable":true,"href":"http:\/\/longcando.id.vn\/index.php\/wp-json\/wp\/v2\/product_tag?post=310"}],"curies":[{"name":"wp","href":"https:\/\/api.w.org\/{rel}","templated":true}]}}