{"id":291,"date":"2024-12-06T17:21:29","date_gmt":"2024-12-06T17:21:29","guid":{"rendered":"http:\/\/longcando.id.vn\/?post_type=product&#038;p=291"},"modified":"2024-12-20T13:36:03","modified_gmt":"2024-12-20T13:36:03","slug":"do-choi-bong-tron-gan-chuot-cho-meo","status":"publish","type":"product","link":"http:\/\/longcando.id.vn\/index.php\/san-pham\/do-choi-bong-tron-gan-chuot-cho-meo\/","title":{"rendered":"\u0110\u1ed3 ch\u01a1i b\u00f3ng tr\u00f2n g\u1eafn chu\u1ed9t cho m\u00e8o"},"content":{"rendered":"<p>TH\u00d4NG TIN S\u1ea2N PH\u1ea8M<\/p>\n<p>\u0110\u1ed3 ch\u01a1i m\u00e8o b\u00f3ng 1 t\u1ea7ng h\u00ecnh tr\u00f2n g\u1eafn chu\u1ed9t.<\/p>\n<p>&#8211; Ch\u1ea5t li\u1ec7u: Nh\u1ef1a<\/p>\n<p>&#8211; Th\u00f4ng s\u1ed1 k\u1ef9 thu\u1eadt: \u0111\u01b0\u1eddng k\u00ednh v\u00f2ng 25cm cao 7cm chu\u1ed9t d\u00e2y m\u00e8o l\u00f2 xo d\u00e0i 32cm.<\/p>\n<p>\u0110\u1eb6C \u0110I\u1ec2M N\u1ed4I B\u1eacT<\/p>\n<p>S\u1ea3n ph\u1ea9m \u0111\u01b0\u1ee3c l\u00e0m t\u1eeb ch\u1ea5t li\u1ec7u nh\u1ef1a cao c\u1ea5p, an to\u00e0n v\u00e0 \u0111\u1eb7c bi\u1ec7t kh\u00f4ng b\u1ecb bay m\u00e0u theo th\u1eddi gian.<\/p>\n<p>Thi\u1ebft k\u1ebf \u0111\u1ed9c \u0111\u00e1o h\u00ecnh tr\u00f2n v\u1eefng ch\u1eafc s\u1ebd tr\u00e1nh \u0111\u01b0\u1ee3c vi\u1ec7c b\u1ecb \u0111\u1ed5 khi c\u00f3 nh\u1eefng th\u00e0nh ph\u1ea7n Boss \u201cqu\u00e1 kh\u00edch\u201d tham gia.<\/p>\n<p>\u0110\u1ed3 ch\u01a1i c\u00f3 h\u00ecnh v\u00e0nh kh\u0103n r\u1ed7ng ru\u1ed9t v\u00e0 c\u00f3 m\u1ed9t qu\u1ea3 b\u00f3ng nh\u1ecf ch\u1ea1y xung quanh gi\u00fap Boss c\u00f3 th\u1ec3 ch\u01a1i 1 m\u00ecnh ho\u1eb7c v\u1edbi nh\u1eefng em Boss kh\u00e1c \u0111\u1ec1u \u0111\u01b0\u1ee3c.<\/p>\n<p>\u0110\u1ed3 ch\u01a1i c\u00f3 th\u1ec3 gi\u00fap Boss luy\u1ec7n \u0111\u01b0\u1ee3c kh\u1ea3 n\u0103ng t\u1eadp trung cao, tr\u1edf n\u00ean nhanh nh\u1ea1y v\u00e0 th\u00f4ng minh h\u01a1n.<\/p>\n<p><strong>Quy\u1ec1n l\u1ee3i khi mua h\u00e0ng t\u1ea1i P-Pet Shop: <\/strong><\/p>\n<p>&#8211; Cam k\u1ebft h\u00e0ng ch\u00ednh h\u00e3ng 100%<\/p>\n<p>&#8211; Ho\u00e0n ti\u1ec1n v\u00e0 \u0111\u1ed5i tr\u1ea3 s\u1ea3n ph\u1ea9m n\u1ebfu kh\u00f4ng \u0111\u00fang mi\u00eau t\u1ea3.<\/p>\n<p>&#8211; N\u1ebfu ph\u00e1t hi\u1ec7n ra h\u00e0ng Fake ho\u00e0n ti\u1ec1n g\u1ea5p \u0111\u00f4i s\u1ea3n ph\u1ea9m<\/p>\n<p>&#8211; N\u1ebfu c\u00f3 b\u1ea5t k\u00ec \u0111i\u1ec1u g\u00ec c\u1ea7n h\u1ed7 tr\u1ee3 v\u1edbi s\u1ea3n ph\u1ea9m vui l\u00f2ng li\u00ean h\u1ec7 ngay v\u1edbi P-Pet Shop.<\/p>\n<p>Ch\u00fang t\u00f4i cam k\u1ebft \u0111\u1eb7t uy t\u00edn v\u00e0 ch\u1ea5t l\u01b0\u1ee3ng s\u1ea3n ph\u1ea9m l\u00ean h\u00e0ng \u0111\u1ea7u<\/p>\n","protected":false},"excerpt":{"rendered":"<p>TH\u00d4NG TIN S\u1ea2N PH\u1ea8M \u0110\u1ed3 ch\u01a1i m\u00e8o b\u00f3ng 1 t\u1ea7ng h\u00ecnh tr\u00f2n g\u1eafn chu\u1ed9t. &#8211; Ch\u1ea5t li\u1ec7u: Nh\u1ef1a &#8211; Th\u00f4ng s\u1ed1 k\u1ef9 thu\u1eadt: \u0111\u01b0\u1eddng k\u00ednh v\u00f2ng 25cm cao 7cm chu\u1ed9t d\u00e2y m\u00e8o l\u00f2 xo d\u00e0i 32cm. \u0110\u1eb6C \u0110I\u1ec2M N\u1ed4I B\u1eacT S\u1ea3n ph\u1ea9m \u0111\u01b0\u1ee3c l\u00e0m t\u1eeb ch\u1ea5t li\u1ec7u nh\u1ef1a cao c\u1ea5p, an to\u00e0n v\u00e0 \u0111\u1eb7c bi\u1ec7t [&hellip;]<\/p>\n","protected":false},"featured_media":293,"comment_status":"open","ping_status":"closed","template":"","meta":[],"product_cat":[25],"product_tag":[85,83,31,62],"class_list":{"0":"post-291","1":"product","2":"type-product","3":"status-publish","4":"has-post-thumbnail","6":"product_cat-do-choi-thu-cung","7":"product_tag-bong","8":"product_tag-do-choi","9":"product_tag-meo","10":"product_tag-thu-cung","12":"first","13":"instock","14":"sale","15":"taxable","16":"shipping-taxable","17":"purchasable","18":"product-type-simple"},"jetpack_sharing_enabled":true,"_links":{"self":[{"href":"http:\/\/longcando.id.vn\/index.php\/wp-json\/wp\/v2\/product\/291","targetHints":{"allow":["GET"]}}],"collection":[{"href":"http:\/\/longcando.id.vn\/index.php\/wp-json\/wp\/v2\/product"}],"about":[{"href":"http:\/\/longcando.id.vn\/index.php\/wp-json\/wp\/v2\/types\/product"}],"replies":[{"embeddable":true,"href":"http:\/\/longcando.id.vn\/index.php\/wp-json\/wp\/v2\/comments?post=291"}],"wp:featuredmedia":[{"embeddable":true,"href":"http:\/\/longcando.id.vn\/index.php\/wp-json\/wp\/v2\/media\/293"}],"wp:attachment":[{"href":"http:\/\/longcando.id.vn\/index.php\/wp-json\/wp\/v2\/media?parent=291"}],"wp:term":[{"taxonomy":"product_cat","embeddable":true,"href":"http:\/\/longcando.id.vn\/index.php\/wp-json\/wp\/v2\/product_cat?post=291"},{"taxonomy":"product_tag","embeddable":true,"href":"http:\/\/longcando.id.vn\/index.php\/wp-json\/wp\/v2\/product_tag?post=291"}],"curies":[{"name":"wp","href":"https:\/\/api.w.org\/{rel}","templated":true}]}}