{"id":280,"date":"2024-12-06T17:01:20","date_gmt":"2024-12-06T17:01:20","guid":{"rendered":"http:\/\/longcando.id.vn\/?post_type=product&#038;p=280"},"modified":"2024-12-20T13:48:00","modified_gmt":"2024-12-20T13:48:00","slug":"mieng-ghep-chuong-cho-meo-chuong-cho-cho-meo-tu-lap-rap","status":"publish","type":"product","link":"http:\/\/longcando.id.vn\/index.php\/san-pham\/mieng-ghep-chuong-cho-meo-chuong-cho-cho-meo-tu-lap-rap\/","title":{"rendered":"Mi\u1ebfng gh\u00e9p Chu\u1ed3ng Ch\u00f3 M\u00e8o, Chu\u1ed3ng cho ch\u00f3 m\u00e8o t\u1ef1 l\u1eafp r\u00e1p"},"content":{"rendered":"<p>Mi\u1ebfng gh\u00e9p Chu\u1ed3ng Ch\u00f3 M\u00e8o, Chu\u1ed3ng cho ch\u00f3 m\u00e8o t\u1ef1 l\u1eafp r\u00e1p T\u1eb6NG K\u00c8M CH\u1ed0T G\u1eaeN<\/p>\n<p>B\u1ea1n \u0111\u00e3 c\u00f3 NG\u00d4I NH\u00c0 CHO PET IU ch\u01b0a?<\/p>\n<p>&#8211; M\u1ed9t kh\u00f4ng gian cho b\u00e9 c\u01b0ng NG\u1ee6 NGH\u1ec8 THO\u1ea2I M\u00c1I<\/p>\n<p>&#8211; M\u1ed9t n\u01a1i cho b\u00e9 c\u01b0ng c\u00f3 th\u1ec3 \u0110I V\u1ec6 SINH S\u1ea0CH S\u1ebc m\u00e0 kh\u00f4ng \u1ea3nh h\u01b0\u1edfng \u0111\u1ebfn kh\u00f4ng gian \u1edf c\u1ee7a b\u1ea1n<\/p>\n<p>&#8211; M\u1ed9t n\u01a1i b\u00e9 c\u01b0ng c\u00f3 th\u1ec3 CH\u1ea0Y NH\u1ea2Y CH\u01a0I \u0110\u00d9A c\u00f9ng c\u00e1c b\u1ea1n c\u1ee7a m\u00ecnh m\u00e0 b\u1ea1n kh\u00f4ng ph\u1ea3i lo l\u1eafng m\u1ecdi th\u1ee9 trong nh\u00e0 b\u1ecb ph\u00e1 tung<\/p>\n<p>&#8211; Hay \u0111\u01a1n gi\u1ea3n b\u00e9 c\u01b0ng qu\u00e1 qu\u1ea5n b\u1ea1n, b\u1ea1n mu\u1ed1n t\u00ecm c\u00e1ch CHO B\u00c9 T\u1ef0 L\u1eacP m\u1ed9t t\u00ed<\/p>\n<p>L\u1ed2NG GH\u00c9P \u0110A N\u0102NG S\u1ebc GI\u00daP B\u1ea0N \u0110\u1eb6C BI\u1ec6T H\u01a0N, l\u1ed3ng gh\u00e9p \u1ea5y c\u00e1c b\u1ea1n c\u00f3 th\u1ec3:<\/p>\n<p>&#8211; D\u1ec5 d\u00e0ng th\u00e1o l\u1eafp, b\u1ec1n ch\u1eafc, k bi\u1ebfn d\u1ea1ng,<\/p>\n<p>&#8211; C\u00f3 th\u1ec3 \u0111\u1ee9ng \u0111\u01b0\u1ee3c, n\u1edbi r\u1ed9ng d\u1ec5 d\u00e0ng<\/p>\n<p>&#8211; Ph\u00f9 h\u1ee3p v\u1edbi m\u1ecdi di\u1ec7n t\u00edch c\u1ee7a m\u1ecdi \u0111\u1ed1i t\u01b0\u1ee3ng<\/p>\n<p>&#8211; Gi\u00fap ti\u1ebft ki\u1ec7m chi ph\u00ed K\u00edch th\u01b0\u1edbc m\u1ed7i t\u1ea5m l\u01b0\u1edbi nh\u01b0 h\u00ecnh v\u1ebd<\/p>\n<p>&#8211; \u0110\u1ea3m b\u1ea3o ch\u1ea5t l\u01b0\u1ee3ng s\u1ea3n ph\u1ea9m, d\u1ecbch v\u1ee5 t\u1ed1t nh\u1ea5t, h\u00e0ng \u0111\u01b0\u1ee3c giao t\u1eeb 1-5 ng\u00e0y k\u1ec3 t\u1eeb ng\u00e0y \u0111\u1eb7t h\u00e0ng.<\/p>\n<p>&#8211; Giao h\u00e0ng tr\u00ean to\u00e0n qu\u1ed1c theo h\u00ecnh th\u1ee9c COD ho\u1eb7c qua v\u00ed Airpay.<\/p>\n<p><em><strong>Quy\u1ec1n l\u1ee3i khi mua h\u00e0ng t\u1ea1i P-Pet Shop:<\/strong><\/em><br \/>\nCam k\u1ebft h\u00e0ng ch\u00ednh h\u00e3ng 100%<br \/>\nHo\u00e0n ti\u1ec1n v\u00e0 \u0111\u1ed5i tr\u1ea3 s\u1ea3n ph\u1ea9m n\u1ebfu kh\u00f4ng \u0111\u00fang mi\u00eau t\u1ea3. N\u1ebfu ph\u00e1t hi\u1ec7n ra h\u00e0ng Fake ho\u00e0n ti\u1ec1n g\u1ea5p \u0111\u00f4i s\u1ea3n ph\u1ea9m<br \/>\nN\u1ebfu c\u00f3 b\u1ea5t k\u00ec \u0111i\u1ec1u g\u00ec c\u1ea7n h\u1ed7 tr\u1ee3 v\u1edbi s\u1ea3n ph\u1ea9m vui l\u00f2ng li\u00ean h\u1ec7 ngay v\u1edbi P-Pet Shop<br \/>\nCh\u00fang t\u00f4i cam k\u1ebft \u0111\u1eb7t uy t\u00edn v\u00e0 ch\u1ea5t l\u01b0\u1ee3ng s\u1ea3n ph\u1ea9m l\u00ean h\u00e0ng \u0111\u1ea7u<\/p>\n<p>&nbsp;<\/p>\n","protected":false},"excerpt":{"rendered":"<p>Mi\u1ebfng gh\u00e9p Chu\u1ed3ng Ch\u00f3 M\u00e8o, Chu\u1ed3ng cho ch\u00f3 m\u00e8o t\u1ef1 l\u1eafp r\u00e1p T\u1eb6NG K\u00c8M CH\u1ed0T G\u1eaeN B\u1ea1n \u0111\u00e3 c\u00f3 NG\u00d4I NH\u00c0 CHO PET IU ch\u01b0a? &#8211; M\u1ed9t kh\u00f4ng gian cho b\u00e9 c\u01b0ng NG\u1ee6 NGH\u1ec8 THO\u1ea2I M\u00c1I &#8211; M\u1ed9t n\u01a1i cho b\u00e9 c\u01b0ng c\u00f3 th\u1ec3 \u0110I V\u1ec6 SINH S\u1ea0CH S\u1ebc m\u00e0 kh\u00f4ng \u1ea3nh h\u01b0\u1edfng \u0111\u1ebfn kh\u00f4ng [&hellip;]<\/p>\n","protected":false},"featured_media":278,"comment_status":"open","ping_status":"closed","template":"","meta":[],"product_cat":[22],"product_tag":[64,82,81],"class_list":{"0":"post-280","1":"product","2":"type-product","3":"status-publish","4":"has-post-thumbnail","6":"product_cat-chuong-nem-tui","7":"product_tag-chuong","8":"product_tag-mieng","9":"product_tag-tu-lap","11":"first","12":"instock","13":"taxable","14":"shipping-taxable","15":"purchasable","16":"product-type-simple"},"jetpack_sharing_enabled":true,"_links":{"self":[{"href":"http:\/\/longcando.id.vn\/index.php\/wp-json\/wp\/v2\/product\/280","targetHints":{"allow":["GET"]}}],"collection":[{"href":"http:\/\/longcando.id.vn\/index.php\/wp-json\/wp\/v2\/product"}],"about":[{"href":"http:\/\/longcando.id.vn\/index.php\/wp-json\/wp\/v2\/types\/product"}],"replies":[{"embeddable":true,"href":"http:\/\/longcando.id.vn\/index.php\/wp-json\/wp\/v2\/comments?post=280"}],"wp:featuredmedia":[{"embeddable":true,"href":"http:\/\/longcando.id.vn\/index.php\/wp-json\/wp\/v2\/media\/278"}],"wp:attachment":[{"href":"http:\/\/longcando.id.vn\/index.php\/wp-json\/wp\/v2\/media?parent=280"}],"wp:term":[{"taxonomy":"product_cat","embeddable":true,"href":"http:\/\/longcando.id.vn\/index.php\/wp-json\/wp\/v2\/product_cat?post=280"},{"taxonomy":"product_tag","embeddable":true,"href":"http:\/\/longcando.id.vn\/index.php\/wp-json\/wp\/v2\/product_tag?post=280"}],"curies":[{"name":"wp","href":"https:\/\/api.w.org\/{rel}","templated":true}]}}