{"id":275,"date":"2024-12-06T16:54:02","date_gmt":"2024-12-06T16:54:02","guid":{"rendered":"http:\/\/longcando.id.vn\/?post_type=product&#038;p=275"},"modified":"2024-12-20T13:34:57","modified_gmt":"2024-12-20T13:34:57","slug":"nha-dem-hinh-tai-tho-cho-chu-cung","status":"publish","type":"product","link":"http:\/\/longcando.id.vn\/index.php\/san-pham\/nha-dem-hinh-tai-tho-cho-chu-cung\/","title":{"rendered":"Nh\u00e0 \u0111\u1ec7m h\u00ecnh tai th\u1ecf cho ch\u00fa c\u01b0ng"},"content":{"rendered":"<p>TH\u00d4NG TIN S\u1ea2N PH\u1ea8M:<\/p>\n<p>&#8211; T\u00ean s\u1ea3n ph\u1ea9m: Nh\u00e0 \u0111\u1ec7m cho th\u00fa c\u01b0ng cao c\u1ea5p c\u00f3 th\u1ec3 th\u00e1o r\u1eddi g\u1ea5p g\u1ecdn, l\u00e0m s\u1ea1ch d\u1ec5 d\u00e0ng.<\/p>\n<p>&#8211; K\u00edch th\u01b0\u1edbc: D\u00e0i 50cm, r\u1ed9ng 40cm, cao 46cm. Th\u00edch h\u1ee3p cho c\u00e1c b\u00e9 d\u01b0\u1edbi 12kg ho\u1eb7c c\u00f3 th\u1ec3 ch\u1ee9a nhi\u1ec1u b\u00e9 nh\u1ecf. K\u00edch th\u01b0\u1edbc c\u00f3 th\u1ec3 c\u00f3 sai s\u1ed1 1-3cm do c\u00e1ch \u0111o, nh\u00e0 s\u1ea3n xu\u1ea5t &#8230;. Kh\u00e1c v\u1edbi c\u00e1c ki\u1ec3u nh\u00e0 g\u1ed7, kim lo\u1ea1i \u0111\u00e2y l\u00e0 ki\u1ec3u chu\u1ed3ng \u1ea5m \u00e1p<\/p>\n<p>&#8211; Ch\u1ea5t li\u1ec7u th\u00f4ng tho\u00e1ng, d\u1ec5 v\u1ec7 sinh, r\u1ea5t ph\u00f9 h\u1ee3p v\u1edbi kh\u00ed h\u1eadu n\u00f3ng \u1ea9m \u1edf Vi\u1ec7t Nam.<\/p>\n<p>&#8211; Thi\u1ebft k\u1ebf n\u1ec7m v\u1edbi gam m\u00e0u n\u1ed5i b\u1eadt v\u00e0 h\u1ecda ti\u1ebft ng\u1ed9 ngh\u0129nh mang \u0111\u1ebfn s\u1ef1 th\u00edch th\u00fa cho th\u00fa c\u01b0ng \u0111\u00e1ng y\u00eau trong nh\u00e0.<\/p>\n<p>&#8211; V\u1edbi t\u00f4ng m\u00e0u n\u1ed5i b\u1eadt h\u00ecnh d\u00e1ng ng\u1ed9 ngh\u0129nh \u0111\u00e1ng y\u00eau ch\u1ea5t li\u1ec7u b\u1ec1n \u0111\u1eb9p an to\u00e0n \u0111\u00e2y l\u00e0 s\u1ef1 l\u1ef1a ch\u1ecdn khi\u1ebfn b\u1ea1n v\u00e0 th\u00fa c\u01b0ng th\u1ea5y h\u00e0i l\u00f2ng<\/p>\n<p>&#8211; \u0110\u1ec7m n\u1eb1m nh\u00e0 ch\u00f3 m\u00e8o h\u00ecnh th\u00fa thi\u1ebft k\u1ebf \u0111\u1eb9p, sang tr\u1ecdng nh\u01b0 chi\u1ebfc nh\u00e0 nh\u1ecf \u00eam \u00e1i, t\u1ea1o s\u1ef1 tho\u1ea3i m\u00e1i v\u00e0 th\u01b0 gi\u00e3n cho th\u00fa c\u01b0ng.<\/p>\n<p>&#8211; B\u1ec1 m\u1eb7t \u0111\u01b0\u1ee3c l\u00e0m t\u1eeb ch\u1ea5t li\u1ec7u cotton m\u1ec1m m\u1ea1i an to\u00e0n, tho\u00e1ng, d\u1ec5 v\u1ec7 sinh, ph\u00f9 h\u1ee3p v\u1edbi kh\u00ed h\u1eadu m\u00f9a \u0111\u00f4ng<\/p>\n<p>&#8211; L\u00e0m t\u1eeb s\u1ee3i b\u00f4ng s\u1ea1ch an to\u00e0n, \u00eam \u00e1i<\/p>\n<p>&#8211; B\u00ean trong may l\u1edbp l\u00f4ng t\u1ea1o s\u1ef1 \u1ea5m \u00e1p, gi\u00fap \u00eam \u00e1i cho th\u00fa khi n\u1eb1m.<\/p>\n<p>&#8211; \u0110\u00e1y hai l\u1edbp: m\u1ed9t l\u1edbp v\u1ea3i kh\u00f4ng d\u1ec7t v\u00e0 m\u1ed9t l\u1edbp v\u1ea3i pvc ch\u1ed1ng tr\u01b0\u1ee3t. M\u00e0u s\u1eafc: X\u00e1m, n\u00e2u S\u1ea3n ph\u1ea9m ph\u00f9 h\u1ee3p cho c\u1ea3 ch\u00f3 nh\u1ecf v\u00e0 m\u00e8o c\u00e1c lo\u1ea1i. S\u1ea3n ph\u1ea9m C\u00f3 th\u1ec3 g\u1ea5p g\u1ecdn g\u00e0ng<\/p>\n<p>&#8211; H\u01b0\u1edbng d\u1eabn b\u1ea3o qu\u1ea3n: C\u00f3 th\u1ec3 l\u00e0m s\u1ea1ch b\u1eb1ng m\u00e1y gi\u1eb7t ho\u1eb7c tay<\/p>\n","protected":false},"excerpt":{"rendered":"<p>TH\u00d4NG TIN S\u1ea2N PH\u1ea8M: &#8211; T\u00ean s\u1ea3n ph\u1ea9m: Nh\u00e0 \u0111\u1ec7m cho th\u00fa c\u01b0ng cao c\u1ea5p c\u00f3 th\u1ec3 th\u00e1o r\u1eddi g\u1ea5p g\u1ecdn, l\u00e0m s\u1ea1ch d\u1ec5 d\u00e0ng. &#8211; K\u00edch th\u01b0\u1edbc: D\u00e0i 50cm, r\u1ed9ng 40cm, cao 46cm. Th\u00edch h\u1ee3p cho c\u00e1c b\u00e9 d\u01b0\u1edbi 12kg ho\u1eb7c c\u00f3 th\u1ec3 ch\u1ee9a nhi\u1ec1u b\u00e9 nh\u1ecf. K\u00edch th\u01b0\u1edbc c\u00f3 th\u1ec3 c\u00f3 sai s\u1ed1 [&hellip;]<\/p>\n","protected":false},"featured_media":276,"comment_status":"open","ping_status":"closed","template":"","meta":[],"product_cat":[22],"product_tag":[43,64,31],"class_list":{"0":"post-275","1":"product","2":"type-product","3":"status-publish","4":"has-post-thumbnail","6":"product_cat-chuong-nem-tui","7":"product_tag-cho","8":"product_tag-chuong","9":"product_tag-meo","11":"first","12":"instock","13":"sale","14":"taxable","15":"shipping-taxable","16":"purchasable","17":"product-type-simple"},"jetpack_sharing_enabled":true,"_links":{"self":[{"href":"http:\/\/longcando.id.vn\/index.php\/wp-json\/wp\/v2\/product\/275","targetHints":{"allow":["GET"]}}],"collection":[{"href":"http:\/\/longcando.id.vn\/index.php\/wp-json\/wp\/v2\/product"}],"about":[{"href":"http:\/\/longcando.id.vn\/index.php\/wp-json\/wp\/v2\/types\/product"}],"replies":[{"embeddable":true,"href":"http:\/\/longcando.id.vn\/index.php\/wp-json\/wp\/v2\/comments?post=275"}],"wp:featuredmedia":[{"embeddable":true,"href":"http:\/\/longcando.id.vn\/index.php\/wp-json\/wp\/v2\/media\/276"}],"wp:attachment":[{"href":"http:\/\/longcando.id.vn\/index.php\/wp-json\/wp\/v2\/media?parent=275"}],"wp:term":[{"taxonomy":"product_cat","embeddable":true,"href":"http:\/\/longcando.id.vn\/index.php\/wp-json\/wp\/v2\/product_cat?post=275"},{"taxonomy":"product_tag","embeddable":true,"href":"http:\/\/longcando.id.vn\/index.php\/wp-json\/wp\/v2\/product_tag?post=275"}],"curies":[{"name":"wp","href":"https:\/\/api.w.org\/{rel}","templated":true}]}}