{"id":258,"date":"2024-12-06T16:51:02","date_gmt":"2024-12-06T16:51:02","guid":{"rendered":"http:\/\/longcando.id.vn\/?post_type=product&#038;p=258"},"modified":"2024-12-20T13:34:59","modified_gmt":"2024-12-20T13:34:59","slug":"dem-vuong-lot-long-nhieu-mau-sac-cho-thu-cung","status":"publish","type":"product","link":"http:\/\/longcando.id.vn\/index.php\/san-pham\/dem-vuong-lot-long-nhieu-mau-sac-cho-thu-cung\/","title":{"rendered":"\u0110\u1ec7m vu\u00f4ng l\u00f3t l\u00f4ng nhi\u1ec1u m\u00e0u s\u1eafc cho th\u00fa c\u01b0ng"},"content":{"rendered":"<p>TH\u00d4NG TIN S\u1ea2N PH\u1ea8M: (Giao m\u00e0u ng\u1eabu nhi\u00ean)<\/p>\n<p>T\u00ean s\u1ea3n ph\u1ea9m: \u0110\u1ec7m tr\u00f2n cho ch\u00f3 m\u00e8o l\u00f3t l\u00f4ng vi\u1ec1n v\u1ea3i nhi\u1ec1u m\u00e0u s\u1eafc.<\/p>\n<p>&#8211; N\u1ec7m cho th\u00fa c\u01b0ng si\u00eau \u1ea5m c\u00f3 \u0111\u00e1y ch\u1ed1ng tr\u01b0\u1ee3t.<\/p>\n<p>&#8211; Ch\u1ea5t li\u1ec7u: b\u00f4ng m\u1ec1m m\u1ea1i l\u00f3t l\u00f4ng, \u0111\u00e1y ch\u1ed1ng tr\u01b0\u1ee3t. Vi\u1ec1n ngo\u00e0i \u0111\u01b0\u1ee3c may b\u1eb1ng v\u1ea3i canvas tho\u00e1ng kh\u00ed nhi\u1ec1u m\u00e0u ng\u1ed9 ngh\u0129nh. ki\u1ec3u d\u00e1ng xinh x\u1eafn v\u00e0 d\u1ec5 d\u00e0ng gi\u1eb7t s\u1ea1ch, chi\u1ebfc \u0111\u1ec7m s\u1ebd gi\u00fap c\u00fan y\u00eau m\u00e8o y\u00eau c\u1ee7a b\u1ea1n ng\u1ee7 ngon h\u01a1n v\u00e0 c\u1ef1c k\u1ef3 \u1ea5m \u00e1p, ko b\u1ecb c\u1ea3m l\u1ea1nh. B\u00ean d\u01b0\u1edbi c\u00f2n \u0111\u01b0\u1ee3c thi\u1ebft k\u1ebf t\u1ea5m ch\u1ed1ng th\u1ea5m v\u00e0 tr\u00e1nh b\u1ecb x\u00f4 l\u1ec7ch khi th\u00fa c\u01b0ng n\u1eb1m. K\u00edch th\u01b0\u1edbc s\u1ea3n ph\u1ea9m: 45x60cm<\/p>\n<p>&#8211; H\u01b0\u1edbng d\u1eabn v\u1ec7 sinh: C\u00f3 th\u1ec3 gi\u1eb7t \u0111\u1ec7m b\u1eb1ng m\u00e1y gi\u1eb7t, lau ch\u00f9i th\u01b0\u1eddng xuy\u00ean b\u1eb1ng kh\u0103n \u1ea9m. M\u1ec1m m\u1ea1i, \u1ea5m \u00e1p, tho\u00e0i m\u00e1i v\u00e0 tho\u00e1ng kh\u00ed. Gi\u00fap b\u00e9 y\u00eau tho\u1ea3i m\u00e1i su\u1ed1t b\u1ed1n m\u00f9a, thu \u0111\u00f4ng \u1ea5m. M\u00f9a h\u00e8 b\u1ea1n c\u00f3 th\u1ec3 l\u00f3t th\u00eam chi\u1ebfu gi\u00fap b\u00e9 n\u1eb1m m\u00e1t h\u01a1n nh\u00e9.<\/p>\n<p>&#8211; H\u01b0\u1edbng d\u1eabn s\u1eed d\u1ee5ng: S\u1ea3n ph\u1ea9m s\u1eed d\u1ee5ng cho th\u00fa c\u01b0ng (ch\u00f3, m\u00e8o&#8230;) &#8211; H\u01b0\u1edbng d\u1eabn b\u1ea3o qu\u1ea3n: C\u00f3 th\u1ec3 l\u00e0m s\u1ea1ch b\u1eb1ng m\u00e1y gi\u1eb7t ho\u1eb7c tay.<\/p>\n","protected":false},"excerpt":{"rendered":"<p>TH\u00d4NG TIN S\u1ea2N PH\u1ea8M: (Giao m\u00e0u ng\u1eabu nhi\u00ean) T\u00ean s\u1ea3n ph\u1ea9m: \u0110\u1ec7m tr\u00f2n cho ch\u00f3 m\u00e8o l\u00f3t l\u00f4ng vi\u1ec1n v\u1ea3i nhi\u1ec1u m\u00e0u s\u1eafc. &#8211; N\u1ec7m cho th\u00fa c\u01b0ng si\u00eau \u1ea5m c\u00f3 \u0111\u00e1y ch\u1ed1ng tr\u01b0\u1ee3t. &#8211; Ch\u1ea5t li\u1ec7u: b\u00f4ng m\u1ec1m m\u1ea1i l\u00f3t l\u00f4ng, \u0111\u00e1y ch\u1ed1ng tr\u01b0\u1ee3t. Vi\u1ec1n ngo\u00e0i \u0111\u01b0\u1ee3c may b\u1eb1ng v\u1ea3i canvas tho\u00e1ng kh\u00ed nhi\u1ec1u [&hellip;]<\/p>\n","protected":false},"featured_media":274,"comment_status":"open","ping_status":"closed","template":"","meta":[],"product_cat":[22],"product_tag":[43,75,31,74],"class_list":{"0":"post-258","1":"product","2":"type-product","3":"status-publish","4":"has-post-thumbnail","6":"product_cat-chuong-nem-tui","7":"product_tag-cho","8":"product_tag-dem","9":"product_tag-meo","10":"product_tag-nem","12":"first","13":"instock","14":"sale","15":"taxable","16":"shipping-taxable","17":"purchasable","18":"product-type-simple"},"jetpack_sharing_enabled":true,"_links":{"self":[{"href":"http:\/\/longcando.id.vn\/index.php\/wp-json\/wp\/v2\/product\/258","targetHints":{"allow":["GET"]}}],"collection":[{"href":"http:\/\/longcando.id.vn\/index.php\/wp-json\/wp\/v2\/product"}],"about":[{"href":"http:\/\/longcando.id.vn\/index.php\/wp-json\/wp\/v2\/types\/product"}],"replies":[{"embeddable":true,"href":"http:\/\/longcando.id.vn\/index.php\/wp-json\/wp\/v2\/comments?post=258"}],"wp:featuredmedia":[{"embeddable":true,"href":"http:\/\/longcando.id.vn\/index.php\/wp-json\/wp\/v2\/media\/274"}],"wp:attachment":[{"href":"http:\/\/longcando.id.vn\/index.php\/wp-json\/wp\/v2\/media?parent=258"}],"wp:term":[{"taxonomy":"product_cat","embeddable":true,"href":"http:\/\/longcando.id.vn\/index.php\/wp-json\/wp\/v2\/product_cat?post=258"},{"taxonomy":"product_tag","embeddable":true,"href":"http:\/\/longcando.id.vn\/index.php\/wp-json\/wp\/v2\/product_tag?post=258"}],"curies":[{"name":"wp","href":"https:\/\/api.w.org\/{rel}","templated":true}]}}