{"id":225,"date":"2024-12-06T13:14:00","date_gmt":"2024-12-06T13:14:00","guid":{"rendered":"http:\/\/longcando.id.vn\/?post_type=product&#038;p=225"},"modified":"2024-12-20T13:36:20","modified_gmt":"2024-12-20T13:36:20","slug":"banh-thuong-cho-meo-temptations","status":"publish","type":"product","link":"http:\/\/longcando.id.vn\/index.php\/san-pham\/banh-thuong-cho-meo-temptations\/","title":{"rendered":"Snack cho m\u00e8o Yaho"},"content":{"rendered":"<p><strong>TH\u00d4NG TIN S\u1ea2N PH\u1ea8M<\/strong><\/p>\n<p>Snack cho m\u00e8o Yaho gi\u00fap cung c\u1ea5p th\u00eam d\u01b0\u1ee1ng ch\u1ea5t cho b\u00e9 v\u1edbi h\u01b0\u01a1ng v\u1ecb th\u01a1m ngon v\u00e0 h\u00ecnh d\u1ea1ng c\u00e1 b\u1eaft m\u1eaft. B\u00e1nh th\u01b0\u1edfng c\u00f3 nhi\u1ec1u h\u01b0\u01a1ng v\u1ecb \u0111a d\u1ea1ng gi\u00fap k\u00edch th\u00edch v\u1ecb gi\u00e1c cho c\u00e1c boss. B\u1ea1n c\u00f3 th\u1ec3 d\u1ec5 d\u00e0ng s\u1eed d\u1ee5ng l\u00e0m b\u1eefa \u0103n nh\u1eb9 cho b\u00e9, hay l\u00e0m ph\u1ea7n th\u01b0\u1edfng trong nh\u1eefng cu\u1ed9c vui ch\u01a1i.<\/p>\n<p>S\u1ea3n ph\u1ea9m \u0111\u01b0\u1ee3c b\u1ed5 sung d\u01b0\u1ee1ng ch\u1ea5t h\u1ed7 tr\u1ee3 cho c\u00e1c d\u00f2ng m\u00e8o l\u00f4ng d\u00e0i nh\u01b0 m\u00e8o anh l\u00f4ng d\u00e0i, m\u00e8o maine coon,\u2026<\/p>\n<p><em><strong>\u01afu \u0111i\u1ec3m c\u1ee7a s\u1ea3n ph\u1ea9m:<\/strong><\/em><br \/>\nSnack cho m\u00e8o Yaho Ch\u1ee9a th\u00e0nh ph\u1ea7n dinh d\u01b0\u1ee1ng cao gi\u00fap th\u00fa c\u01b0ng ph\u00e1t tri\u1ec3n t\u1ea7m v\u00f3c, s\u1ef1 ho\u1ea1t b\u00e1t nhanh nh\u1eb9n.<br \/>\nS\u1ea3n ph\u1ea9m c\u00f3 h\u00ecnh d\u1ea1ng con c\u00e1 v\u1edbi k\u1ebft c\u1ea5u ho\u00e0n h\u1ea3o gi\u00fap m\u00e8o c\u01b0ng c\u00f3 th\u1ec3 d\u1ec5 d\u00e0ng nhai. \u0110i\u1ec1u n\u00e0y gi\u00fap gi\u1ea3m qu\u00e1 tr\u00ecnh h\u00ecnh th\u00e0nh cao r\u0103ng v\u00e0 gi\u00fap c\u00e1c boss h\u1ea5p th\u1ee5 t\u1ed1t h\u01a1n.<br \/>\nThi\u1ebft k\u1ebf d\u1ea1ng t\u00fai d\u1ec5 d\u00e0ng s\u1eed d\u1ee5ng v\u00e0 b\u1ea3o qu\u1ea3n khi mang ra ngo\u00e0i vui ch\u01a1i v\u1edbi th\u00fa c\u01b0ng.<\/p>\n<p><em><strong>Snack Yaho d\u00e0nh cho m\u00e8o<\/strong><\/em><br \/>\n\u0110\u00e2y l\u00e0 m\u00f3n kho\u00e1i kh\u1ea9u d\u00e0nh cho c\u00e1c b\u00e9 miu<br \/>\nH\u01b0\u1edbng d\u1eabn ph\u00e2n lo\u1ea1i s\u1ea3n ph\u1ea9m Snack cho m\u00e8o Yaho<br \/>\nM\u00e0u xanh : V\u1ecb b\u00e1nh quy c\u00e1 h\u1ed3i c\u00f9ng th\u1ecbt g\u00e0.<br \/>\nM\u00e0u v\u00e0ng : V\u1ecb b\u00e1nh quy c\u00e1 ng\u1eeb k\u1ebft h\u1ee3p v\u1edbi th\u1ecbt g\u00e0.<br \/>\nM\u00e0u n\u00e2u: V\u1ecb b\u00e1nh quy c\u00e1 ng\u1eeb c\u00f9ng h\u01b0\u01a1ng b\u1ea1c h\u00e0.<\/p>\n<p><em><strong>Quy\u1ec1n l\u1ee3i khi mua h\u00e0ng t\u1ea1i P-Pet Shop:<\/strong><\/em><br \/>\nCam k\u1ebft h\u00e0ng ch\u00ednh h\u00e3ng 100%<br \/>\nHo\u00e0n ti\u1ec1n v\u00e0 \u0111\u1ed5i tr\u1ea3 s\u1ea3n ph\u1ea9m n\u1ebfu kh\u00f4ng \u0111\u00fang mi\u00eau t\u1ea3. N\u1ebfu ph\u00e1t hi\u1ec7n ra h\u00e0ng Fake ho\u00e0n ti\u1ec1n g\u1ea5p \u0111\u00f4i s\u1ea3n ph\u1ea9m<br \/>\nN\u1ebfu c\u00f3 b\u1ea5t k\u00ec \u0111i\u1ec1u g\u00ec c\u1ea7n h\u1ed7 tr\u1ee3 v\u1edbi s\u1ea3n ph\u1ea9m vui l\u00f2ng li\u00ean h\u1ec7 ngay v\u1edbi P-Pet Shop<br \/>\nCh\u00fang t\u00f4i cam k\u1ebft \u0111\u1eb7t uy t\u00edn v\u00e0 ch\u1ea5t l\u01b0\u1ee3ng s\u1ea3n ph\u1ea9m l\u00ean h\u00e0ng \u0111\u1ea7u<\/p>\n","protected":false},"excerpt":{"rendered":"<p>TH\u00d4NG TIN S\u1ea2N PH\u1ea8M Snack cho m\u00e8o Yaho gi\u00fap cung c\u1ea5p th\u00eam d\u01b0\u1ee1ng ch\u1ea5t cho b\u00e9 v\u1edbi h\u01b0\u01a1ng v\u1ecb th\u01a1m ngon v\u00e0 h\u00ecnh d\u1ea1ng c\u00e1 b\u1eaft m\u1eaft. B\u00e1nh th\u01b0\u1edfng c\u00f3 nhi\u1ec1u h\u01b0\u01a1ng v\u1ecb \u0111a d\u1ea1ng gi\u00fap k\u00edch th\u00edch v\u1ecb gi\u00e1c cho c\u00e1c boss. B\u1ea1n c\u00f3 th\u1ec3 d\u1ec5 d\u00e0ng s\u1eed d\u1ee5ng l\u00e0m b\u1eefa \u0103n nh\u1eb9 cho [&hellip;]<\/p>\n","protected":false},"featured_media":215,"comment_status":"open","ping_status":"closed","template":"","meta":[],"product_cat":[16],"product_tag":[32,31,59,49],"class_list":{"0":"post-225","1":"product","2":"type-product","3":"status-publish","4":"has-post-thumbnail","6":"product_cat-thuc-an-cho-meo","7":"product_tag-cat","8":"product_tag-meo","9":"product_tag-snack-meo","10":"product_tag-thuc-an-meo","12":"first","13":"instock","14":"taxable","15":"shipping-taxable","16":"purchasable","17":"product-type-variable","18":"has-default-attributes"},"jetpack_sharing_enabled":true,"_links":{"self":[{"href":"http:\/\/longcando.id.vn\/index.php\/wp-json\/wp\/v2\/product\/225","targetHints":{"allow":["GET"]}}],"collection":[{"href":"http:\/\/longcando.id.vn\/index.php\/wp-json\/wp\/v2\/product"}],"about":[{"href":"http:\/\/longcando.id.vn\/index.php\/wp-json\/wp\/v2\/types\/product"}],"replies":[{"embeddable":true,"href":"http:\/\/longcando.id.vn\/index.php\/wp-json\/wp\/v2\/comments?post=225"}],"wp:featuredmedia":[{"embeddable":true,"href":"http:\/\/longcando.id.vn\/index.php\/wp-json\/wp\/v2\/media\/215"}],"wp:attachment":[{"href":"http:\/\/longcando.id.vn\/index.php\/wp-json\/wp\/v2\/media?parent=225"}],"wp:term":[{"taxonomy":"product_cat","embeddable":true,"href":"http:\/\/longcando.id.vn\/index.php\/wp-json\/wp\/v2\/product_cat?post=225"},{"taxonomy":"product_tag","embeddable":true,"href":"http:\/\/longcando.id.vn\/index.php\/wp-json\/wp\/v2\/product_tag?post=225"}],"curies":[{"name":"wp","href":"https:\/\/api.w.org\/{rel}","templated":true}]}}