{"id":220,"date":"2024-12-06T13:00:16","date_gmt":"2024-12-06T13:00:16","guid":{"rendered":"http:\/\/longcando.id.vn\/?post_type=product&#038;p=220"},"modified":"2024-12-20T13:37:29","modified_gmt":"2024-12-20T13:37:29","slug":"banh-thuong-dang-kem-cho-cho-smartheart-creamy","status":"publish","type":"product","link":"http:\/\/longcando.id.vn\/index.php\/san-pham\/banh-thuong-dang-kem-cho-cho-smartheart-creamy\/","title":{"rendered":"B\u00e1nh th\u01b0\u1edfng d\u1ea1ng kem cho ch\u00f3 SmartHeart Creamy"},"content":{"rendered":"<p><strong>TH\u00d4NG TIN S\u1ea2N PH\u1ea8M<\/strong><\/p>\n<p>B\u00e1nh th\u01b0\u1edfng d\u1ea1ng kem cho ch\u00f3 SmartHeart Creamy l\u00e0 th\u1ee9c \u0103n cho ch\u00f3 d\u1ea1ng m\u1ec1m, v\u1edbi h\u00e0m l\u01b0\u1ee3ng dinh d\u01b0\u1ee1ng cao s\u1ea3n ph\u1ea9m h\u1ed7 tr\u1ee3 cung c\u1ea5p c\u00e1c d\u01b0\u1ee1ng ch\u1ea5t c\u1ea7n thi\u1ebft gi\u00fap c\u00fan c\u01b0ng ph\u00e1t tri\u1ec3n kh\u1ecfe m\u1ea1nh. S\u1ea3n ph\u1ea9m c\u00f2n \u0111\u01b0\u1ee3c coi nh\u01b0 m\u1ed9t ph\u1ea7n th\u01b0\u1edfng b\u1ea1n d\u00e0nh cho c\u00fan c\u01b0ng, gi\u00fap c\u00fan th\u00edch th\u00fa v\u00e0 \u0103n ngon mi\u1ec7ng h\u01a1n.<\/p>\n<p><strong>\u01afu \u0111i\u1ec3m n\u1ed5i b\u1eadt c\u1ee7a b\u00e1nh th\u01b0\u1edfng d\u1ea1ng kem cho ch\u00f3 SmartHeart Creamy<\/strong><br \/>\nB\u00e1nh th\u01b0\u1edfng d\u1ea1ng kem cho ch\u00f3 SmartHeart Creamy c\u00f3 ch\u1ee9a \u0111\u1ea7y \u0111\u1ee7 c\u00e1c ch\u1ea5t omega 3 v\u00e0 6 gi\u00fap h\u1ed7 tr\u1ee3 s\u1ef1 ph\u00e1t tri\u1ec3n c\u1ee7a da v\u00e0 l\u00f4ng \u1edf th\u00fa c\u01b0ng, gi\u00fap da l\u00f4ng m\u1ec1m m\u1ea1i v\u00e0 m\u01b0\u1ee3t m\u00e0 h\u01a1n, gi\u00fap c\u00fan c\u01b0ng c\u00f3 b\u1ed9 l\u00f4ng \u0111\u1ec1u m\u00e0u v\u00e0 b\u1eaft m\u1eaft h\u01a1n.<br \/>\nB\u00e1nh th\u01b0\u1edfng SmartHeart Creamy d\u1ea1ng kem m\u1ec1m, c\u00f3 v\u1ecb b\u00e9o ng\u1eady gi\u00fap k\u00edch th\u00edch v\u1ecb gi\u00e1c c\u1ee7a c\u00fan, \u0111\u1ed3ng th\u1eddi gi\u00fap c\u00fan d\u1ec5 ti\u00eau h\u00f3a v\u00e0 h\u1ea5p thu c\u00e1c ch\u1ea5t dinh d\u01b0\u1ee1ng c\u00f3 trong s\u1ea3n ph\u1ea9m, gi\u00fap c\u1ea3i thi\u1ec7n t\u00ecnh tr\u1ea1ng bi\u1ebfng \u0103n, b\u1ecf b\u1eefa \u1edf ch\u00f3. \u0110\u1ed3ng th\u1eddi s\u1ea3n ph\u1ea9m th\u00edch h\u1ee3p v\u1edbi nhi\u1ec1u lo\u1ea1i ch\u00f3 v\u00e0 ph\u00f9 h\u1ee3p v\u1edbi t\u1ea5t c\u1ea3 c\u00e1c giai \u0111o\u1ea1n tr\u01b0\u1edfng th\u00e0nh \u1edf c\u00fan c\u01b0ng.<br \/>\nS\u1eed d\u1ee5ng b\u00e1nh th\u01b0\u1edfng d\u1ea1ng kem cho ch\u00f3 SmartHeart Creamy c\u00f2n gi\u00fap h\u1ed7 tr\u1ee3 v\u00e0 cung c\u1ea5p ch\u1ea5t x\u01a1 v\u00e0 c\u00e1c kho\u00e1ng ch\u1ea5t c\u1ea7n thi\u1ebft h\u1ed7 tr\u1ee3 h\u1ec7 ti\u00eau h\u00f3a kh\u1ecfe m\u1ea1nh, gi\u00fap cho c\u00fan lu\u00f4n n\u0103ng \u0111\u1ed9ng v\u00e0 ph\u00e1t tri\u1ec3n c\u00e2n \u0111\u1ed1i.<\/p>\n<p><strong>Th\u00e0nh ph\u1ea7n c\u1ee7a b\u00e1nh th\u01b0\u1edfng d\u1ea1ng kem cho ch\u00f3 SmartHeart Creamy 60g<\/strong><br \/>\nTh\u00e0nh ph\u1ea7n ch\u00ednh c\u1ee7a b\u00e1nh SmartHeart Creamy bao g\u1ed3m g\u00e0, c\u00e0 r\u1ed1t, ch\u1ebf ph\u1ea9m t\u1eeb gan g\u00e0, (d\u00e2u ho\u1eb7c rau ch\u00e2n v\u1ecbt t\u00f9y t\u1eebng h\u01b0\u01a1ng v\u1ecb)<br \/>\nNgo\u00e0i ra c\u00f2n c\u00f3 c\u00e1c th\u00e0nh ph\u1ea7n kh\u00e1c nh\u01b0 ch\u1ea5t x\u01a1 th\u1ef1c ph\u1ea9m, tinh b\u1ed9t bi\u1ebfn t\u00ednh, d\u1ea7u d\u1eeba, ch\u1ea5t t\u1ea1o \u0111\u00f4ng, ng\u00f2 t\u00e2y, h\u01b0\u01a1ng li\u1ec7u.<br \/>\nH\u01b0\u1edbng d\u1eabn s\u1eed d\u1ee5ng b\u00e1nh th\u01b0\u1edfng cho ch\u00f3 SmartHeart Creamy<br \/>\nV\u1edbi ch\u00f3 con ( d\u01b0\u1edbi 1 n\u0103m tu\u1ed5i: 1-3kg): s\u1eed d\u1ee5ng 1-3 g\u00f3i\/ ng\u00e0y.<br \/>\nV\u1edbi ch\u00f3 l\u1edbn, tr\u01b0\u1eddng th\u00e0nh ( h\u01a1n 1 n\u0103m tu\u1ed5i): s\u1eed d\u1ee5ng 2-4 g\u00f3i\/ ng\u00e0y.<\/p>\n<p><strong>L\u01b0u \u00fd:<\/strong><br \/>\nB\u00e1nh ch\u1ec9 s\u1eed d\u1ee5ng v\u00e0o ch\u1ebf \u0111\u1ed9 \u0103n h\u1ed7 tr\u1ee3 b\u1eefa ph\u1ee5, kh\u00f4ng s\u1eed d\u1ee5ng \u0103n thay th\u1ebf b\u1eefa ch\u00ednh.<\/p>\n","protected":false},"excerpt":{"rendered":"<p>TH\u00d4NG TIN S\u1ea2N PH\u1ea8M B\u00e1nh th\u01b0\u1edfng d\u1ea1ng kem cho ch\u00f3 SmartHeart Creamy l\u00e0 th\u1ee9c \u0103n cho ch\u00f3 d\u1ea1ng m\u1ec1m, v\u1edbi h\u00e0m l\u01b0\u1ee3ng dinh d\u01b0\u1ee1ng cao s\u1ea3n ph\u1ea9m h\u1ed7 tr\u1ee3 cung c\u1ea5p c\u00e1c d\u01b0\u1ee1ng ch\u1ea5t c\u1ea7n thi\u1ebft gi\u00fap c\u00fan c\u01b0ng ph\u00e1t tri\u1ec3n kh\u1ecfe m\u1ea1nh. S\u1ea3n ph\u1ea9m c\u00f2n \u0111\u01b0\u1ee3c coi nh\u01b0 m\u1ed9t ph\u1ea7n th\u01b0\u1edfng b\u1ea1n d\u00e0nh cho [&hellip;]<\/p>\n","protected":false},"featured_media":209,"comment_status":"open","ping_status":"closed","template":"","meta":[],"product_cat":[17],"product_tag":[43,46,56,54,48],"class_list":{"0":"post-220","1":"product","2":"type-product","3":"status-publish","4":"has-post-thumbnail","6":"product_cat-thuc-an-cho-cun","7":"product_tag-cho","8":"product_tag-cun","9":"product_tag-sup-thuong","10":"product_tag-thuc-an-cho","11":"product_tag-thuc-an-cun","13":"first","14":"instock","15":"sale","16":"taxable","17":"shipping-taxable","18":"purchasable","19":"product-type-simple"},"jetpack_sharing_enabled":true,"_links":{"self":[{"href":"http:\/\/longcando.id.vn\/index.php\/wp-json\/wp\/v2\/product\/220","targetHints":{"allow":["GET"]}}],"collection":[{"href":"http:\/\/longcando.id.vn\/index.php\/wp-json\/wp\/v2\/product"}],"about":[{"href":"http:\/\/longcando.id.vn\/index.php\/wp-json\/wp\/v2\/types\/product"}],"replies":[{"embeddable":true,"href":"http:\/\/longcando.id.vn\/index.php\/wp-json\/wp\/v2\/comments?post=220"}],"wp:featuredmedia":[{"embeddable":true,"href":"http:\/\/longcando.id.vn\/index.php\/wp-json\/wp\/v2\/media\/209"}],"wp:attachment":[{"href":"http:\/\/longcando.id.vn\/index.php\/wp-json\/wp\/v2\/media?parent=220"}],"wp:term":[{"taxonomy":"product_cat","embeddable":true,"href":"http:\/\/longcando.id.vn\/index.php\/wp-json\/wp\/v2\/product_cat?post=220"},{"taxonomy":"product_tag","embeddable":true,"href":"http:\/\/longcando.id.vn\/index.php\/wp-json\/wp\/v2\/product_tag?post=220"}],"curies":[{"name":"wp","href":"https:\/\/api.w.org\/{rel}","templated":true}]}}