{"id":219,"date":"2024-12-06T12:57:43","date_gmt":"2024-12-06T12:57:43","guid":{"rendered":"http:\/\/longcando.id.vn\/?post_type=product&#038;p=219"},"modified":"2024-12-20T13:37:30","modified_gmt":"2024-12-20T13:37:30","slug":"thuc-an-hat-mem-zenith-cho-cho-truong-thanh-12kg","status":"publish","type":"product","link":"http:\/\/longcando.id.vn\/index.php\/san-pham\/thuc-an-hat-mem-zenith-cho-cho-truong-thanh-12kg\/","title":{"rendered":"Th\u1ee9c \u0103n h\u1ea1t m\u1ec1m Zenith cho ch\u00f3 tr\u01b0\u1edfng th\u00e0nh 1,2kg"},"content":{"rendered":"<p>M\u00f4 t\u1ea3 chung: Th\u1ee9c \u0103n h\u1ea1t m\u1ec1m Zenith l\u00e0 lo\u1ea1i th\u1ee9c \u0103n dinh d\u01b0\u1ee1ng \u0111\u1eb7c bi\u1ec7t cho th\u00fa c\u01b0ng. V\u1edbi c\u00f4ng th\u1ee9c dinh d\u01b0\u1ee1ng ph\u00f9 h\u1ee3p v\u1edbi kh\u1ea3 n\u0103ng h\u1ea5p th\u1ee5 c\u1ee7a ch\u00f3 l\u1edbn, gi\u00fap h\u1ed7 tr\u1ee3 t\u0103ng tr\u01b0\u1edfng ph\u00e1t tri\u1ec3n to\u00e0n di\u1ec7n v\u00e0 c\u00e2n \u0111\u1ed1i v\u1ec1 v\u00f3c d\u00e1ng.<\/p>\n<p><strong>TH\u00d4NG TIN S\u1ea2N PH\u1ea8M<\/strong><\/p>\n<p>Th\u00e0nh ph\u1ea7n dinh d\u01b0\u1ee1ng ti\u00eau chu\u1ea9n Th\u1ee9c \u0103n h\u1ea1t m\u1ec1m ch\u00f3 l\u1edbn Zenith v\u1edbi h\u00e0m l\u01b0\u1ee3ng dinh d\u01b0\u1ee1ng c\u00e2n \u0111\u1ed1i:<\/p>\n<p>&#8211; \u0110\u1ea1m: 28%.<\/p>\n<p>&#8211; Ch\u1ea5t b\u00e9o: 105.<\/p>\n<p>&#8211; Canxi: 1.4%.<\/p>\n<p>&#8211; Photpho: 1.2%.<\/p>\n<p>&#8211; Ch\u1ea5t x\u01a1: 4.0%.<\/p>\n<p>Nguy\u00ean li\u1ec7u s\u1ea3n xu\u1ea5t: Th\u1ecbt c\u1eebu, th\u1ecbt g\u00e0 n\u1ea1c, g\u1ea1o l\u1ee9t, y\u1ebfn m\u1ea1ch, d\u1ea7u c\u00e1 h\u1ed3i, d\u1ea7u \u0111\u1eadu n\u00e0nh, d\u1ea7u h\u01b0\u1edbng d\u01b0\u01a1ng, t\u1ed5 h\u1ee3p vitamin v\u00e0 m\u1ed9t s\u1ed1 kho\u00e1ng ch\u1ea5t kh\u00e1c.<\/p>\n<p>T\u1ef7 l\u1ec7 c\u00e1c nguy\u00ean li\u1ec7u \u0111\u01b0\u1ee3c c\u00e2n \u0111\u1ed1i trong m\u1ed7i g\u00f3i th\u1ee9c \u0103n h\u1ea1t mang \u0111\u1ebfn hi\u1ec7u qu\u1ea3 ch\u0103m s\u00f3c dinh d\u01b0\u1ee1ng ho\u00e0n h\u1ea3o v\u00e0 to\u00e0n di\u1ec7n cho ch\u00f3 l\u1edbn.<\/p>\n<p><strong>\u0110\u1eb7c \u0111i\u1ec3m n\u1ed5i b\u1eadt c\u1ee7a th\u1ee9c \u0103n h\u1ea1t m\u1ec1m ch\u00f3 l\u1edbn Zenith<\/strong><\/p>\n<p>&#8211; K\u00edch th\u01b0\u1edbc th\u1ee9c \u0103n h\u1ea1t ti\u00eau chu\u1ea9n v\u1edbi b\u1ec1 m\u1eb7t kho\u1ea3ng 10mm h\u1ed7 tr\u1ee3 ph\u00f9 h\u1ee3p v\u1edbi c\u01a1 mi\u1ec7ng c\u1ee7a ch\u00f3.<\/p>\n<p>&#8211; Th\u1ee9c \u0103n kh\u00f4, d\u1ec5 nhai, ch\u00f3 s\u1ee7 d\u1ee5ng kh\u00f4ng c\u00f3 c\u1ea3m gi\u00e1c b\u1ecb d\u00ednh r\u0103ng, kh\u00f3 ch\u1ecbu. H\u1ea1t d\u1ec5 d\u00e0ng b\u1ea3o qu\u1ea3n, h\u01b0\u01a1ng v\u1ecb t\u1ef1 nhi\u00ean, h\u1ed7 tr\u1ee3 k\u00edch th\u00edch c\u1ea3m gi\u00e1 \u0103n ngon cho ch\u00f3, t\u1ea1o th\u00f3i quen \u0103n u\u1ed1ng t\u00edch c\u1ef1c.<\/p>\n<p><strong>Vai tr\u00f2 dinh d\u01b0\u1ee1ng c\u1ee7a th\u1ee9c \u0103n h\u1ea1t cho ch\u00f3 l\u1edbn Zenith<\/strong><\/p>\n<p>&#8211; H\u1ed7 tr\u1ee3 duy tr\u00ec v\u00e0 cung c\u1ea5p dinh d\u01b0\u1ee1ng thi\u1ebft y\u1ebfu h\u1eb1ng ng\u00e0y theo b\u1eefa \u0103n, gi\u00fap ch\u00fa ch\u00f3 c\u1ee7a b\u1ea1n t\u0103ng c\u00e2n \u0111\u1ec1u v\u00e0 duy tr\u00ec s\u1ee9c kh\u1ecfe \u1ed5n \u0111\u1ecbnh.<\/p>\n<p>&#8211; H\u1ed7 tr\u1ee3 h\u1ec7 ti\u00eau h\u00f3a, gi\u00fap th\u1ee9c \u0103n h\u1ea5p th\u1ee5 v\u00e0o c\u01a1 th\u1ec3 hi\u1ec7u qu\u1ea3 v\u00e0 nhanh ch\u00f3ng h\u01a1n.<\/p>\n<p>&#8211; Gi\u00fap ch\u0103m s\u00f3c ch\u00f3 \u0103n ngon mi\u1ec7ng, duy tr\u00ec th\u1ec3 tr\u1ea1ng c\u00e2n \u0111\u1ed1i.<\/p>\n<p>&#8211; H\u1ed7 tr\u1ee3 t\u0103ng c\u01b0\u1eddng h\u1ec7 mi\u1ec5n d\u1ecbch v\u1edbi th\u00e0nh ph\u1ea7n kho\u00e1ng ch\u1ea5t v\u00e0 vitamin ti\u00eau chu\u1ea9n, gi\u00fap h\u1ea1n ch\u1ebf c\u00e1c v\u1ea5n \u0111\u1ec1 s\u1ee9c kh\u1ecfe do vi khu\u1ea9n g\u00e2y ra.<\/p>\n<p>&#8211; Th\u00e0nh ph\u1ea7n dinh d\u01b0\u1ee1ng gi\u00fap b\u1ed5 sung h\u00e0m l\u01b0\u1ee3ng d\u01b0\u1ee1ng ch\u1ea5t cho c\u00e1c khung x\u01b0\u01a1ng, kh\u1edbp cho ch\u00f3.<\/p>\n<p>&#8211; H\u1ed7 tr\u1ee3 \u0111\u1eb9p da v\u00e0 l\u00f4ng.<\/p>\n<p>&#8211; Th\u00e0nh ph\u1ea7n dinh d\u01b0\u1ee1ng kh\u00f4ng g\u00e2y b\u00e9o ph\u00ec hay th\u1eeba c\u00e2n.<\/p>\n","protected":false},"excerpt":{"rendered":"<p>M\u00f4 t\u1ea3 chung: Th\u1ee9c \u0103n h\u1ea1t m\u1ec1m Zenith l\u00e0 lo\u1ea1i th\u1ee9c \u0103n dinh d\u01b0\u1ee1ng \u0111\u1eb7c bi\u1ec7t cho th\u00fa c\u01b0ng. V\u1edbi c\u00f4ng th\u1ee9c dinh d\u01b0\u1ee1ng ph\u00f9 h\u1ee3p v\u1edbi kh\u1ea3 n\u0103ng h\u1ea5p th\u1ee5 c\u1ee7a ch\u00f3 l\u1edbn, gi\u00fap h\u1ed7 tr\u1ee3 t\u0103ng tr\u01b0\u1edfng ph\u00e1t tri\u1ec3n to\u00e0n di\u1ec7n v\u00e0 c\u00e2n \u0111\u1ed1i v\u1ec1 v\u00f3c d\u00e1ng. TH\u00d4NG TIN S\u1ea2N PH\u1ea8M Th\u00e0nh ph\u1ea7n [&hellip;]<\/p>\n","protected":false},"featured_media":205,"comment_status":"open","ping_status":"closed","template":"","meta":[],"product_cat":[17],"product_tag":[43,46,55,54,48],"class_list":{"0":"post-219","1":"product","2":"type-product","3":"status-publish","4":"has-post-thumbnail","6":"product_cat-thuc-an-cho-cun","7":"product_tag-cho","8":"product_tag-cun","9":"product_tag-hat-kho","10":"product_tag-thuc-an-cho","11":"product_tag-thuc-an-cun","13":"first","14":"instock","15":"taxable","16":"shipping-taxable","17":"purchasable","18":"product-type-simple"},"jetpack_sharing_enabled":true,"_links":{"self":[{"href":"http:\/\/longcando.id.vn\/index.php\/wp-json\/wp\/v2\/product\/219","targetHints":{"allow":["GET"]}}],"collection":[{"href":"http:\/\/longcando.id.vn\/index.php\/wp-json\/wp\/v2\/product"}],"about":[{"href":"http:\/\/longcando.id.vn\/index.php\/wp-json\/wp\/v2\/types\/product"}],"replies":[{"embeddable":true,"href":"http:\/\/longcando.id.vn\/index.php\/wp-json\/wp\/v2\/comments?post=219"}],"wp:featuredmedia":[{"embeddable":true,"href":"http:\/\/longcando.id.vn\/index.php\/wp-json\/wp\/v2\/media\/205"}],"wp:attachment":[{"href":"http:\/\/longcando.id.vn\/index.php\/wp-json\/wp\/v2\/media?parent=219"}],"wp:term":[{"taxonomy":"product_cat","embeddable":true,"href":"http:\/\/longcando.id.vn\/index.php\/wp-json\/wp\/v2\/product_cat?post=219"},{"taxonomy":"product_tag","embeddable":true,"href":"http:\/\/longcando.id.vn\/index.php\/wp-json\/wp\/v2\/product_tag?post=219"}],"curies":[{"name":"wp","href":"https:\/\/api.w.org\/{rel}","templated":true}]}}