{"id":159,"date":"2024-12-05T16:01:00","date_gmt":"2024-12-05T16:01:00","guid":{"rendered":"http:\/\/longcando.id.vn\/index.php\/san-pham\/brand-name-bonacibo-kitten-4\/"},"modified":"2024-12-20T13:37:36","modified_gmt":"2024-12-20T13:37:36","slug":"thanh-xuong-gam-hieu-bonacibo-kitten-cho-cun","status":"publish","type":"product","link":"http:\/\/longcando.id.vn\/index.php\/san-pham\/thanh-xuong-gam-hieu-bonacibo-kitten-cho-cun\/","title":{"rendered":"Thanh x\u01b0\u01a1ng g\u1eb7m hi\u1ec7u BonaCibo Kitten cho c\u00fan"},"content":{"rendered":"<ul>\n<li><strong>C\u00f4ng d\u1ee5ng<\/strong>:\n<ol>\n<li><strong>Ph\u1ea7n th\u01b0\u1edfng khi hu\u1ea5n luy\u1ec7n<\/strong>: Gi\u00fap khuy\u1ebfn kh\u00edch v\u00e0 t\u1ea1o \u0111\u1ed9ng l\u1ef1c cho th\u00fa c\u01b0ng th\u1ef1c hi\u1ec7n c\u00e1c h\u00e0nh vi t\u1ed1t ho\u1eb7c l\u1ec7nh t\u1eeb ch\u1ee7 nh\u00e2n.<\/li>\n<li><strong>Th\u01b0 gi\u00e3n v\u00e0 gi\u1ea3i tr\u00ed<\/strong>: V\u1edbi h\u00ecnh d\u00e1ng v\u00e0 h\u01b0\u01a1ng v\u1ecb h\u1ea5p d\u1eabn, s\u1ea3n ph\u1ea9m gi\u00fap th\u00fa c\u01b0ng vui v\u1ebb h\u01a1n khi nhai.<\/li>\n<li><strong>B\u1ed5 sung dinh d\u01b0\u1ee1ng<\/strong>: Ch\u1ee9a c\u00e1c th\u00e0nh ph\u1ea7n h\u1ed7 tr\u1ee3 s\u1ee9c kh\u1ecfe r\u0103ng mi\u1ec7ng, cung c\u1ea5p protein v\u00e0 kho\u00e1ng ch\u1ea5t c\u1ea7n thi\u1ebft.<\/li>\n<li><strong>T\u0103ng c\u01b0\u1eddng m\u1ed1i quan h\u1ec7<\/strong>: S\u1eed d\u1ee5ng s\u1ea3n ph\u1ea9m nh\u01b0 m\u1ed9t c\u00e1ch \u0111\u1ec3 x\u00e2y d\u1ef1ng s\u1ef1 tin t\u01b0\u1edfng v\u00e0 g\u1eafn k\u1ebft gi\u1eefa ch\u1ee7 v\u00e0 th\u00fa c\u01b0ng.<\/li>\n<li><strong>C\u1ea3i thi\u1ec7n t\u00ecnh tr\u1ea1ng r\u0103ng mi\u1ec7ng c\u1ee7a th\u00fa c\u01b0ng:<\/strong> V\u1edbi\u00a0C\u00e1c th\u00e0nh ph\u1ea7n t\u1ef1 nhi\u00ean v\u00e0 kh\u00f4ng qu\u00e1 ph\u1ee9c t\u1ea1p: Da b\u00f2 v\u00e0 ch\u1ea5t di\u1ec7p l\u1ee5c t\u1eeb th\u1ef1c v\u1eadt. Th\u00e0nh ph\u1ea7n nguy\u00ean li\u1ec7u \u0111\u01b0\u1ee3c k\u1ebft h\u1ee3p v\u00e0 ph\u00e2n chia theo t\u1ec9 l\u1ec7 c\u00e2n b\u1eb1ng, \u0111\u1ea3m b\u1ea3o \u0111\u1ed9 th\u01a1m, da b\u00f2 t\u1ea1o m\u00f9i y\u00eau th\u00edch cho m\u00f3n \u0103n c\u1ee7a th\u00fa c\u01b0ng.<\/li>\n<\/ol>\n<\/li>\n<li><strong>K\u00edch th\u01b0\u1edbc<\/strong>:\n<ul>\n<li>H\u00ecnh d\u1ea1ng nh\u1ecf g\u1ecdn, v\u1eeba mi\u1ec7ng th\u00fa c\u01b0ng, th\u00edch h\u1ee3p cho nhi\u1ec1u gi\u1ed1ng ch\u00f3 v\u00e0 m\u00e8o \u1edf m\u1ecdi k\u00edch c\u1ee1.<\/li>\n<li>Chi\u1ec1u d\u00e0i kho\u1ea3ng 1.5 &#8211; 2 cm m\u1ed7i mi\u1ebfng, d\u1ec5 nhai v\u00e0 kh\u00f4ng g\u00e2y ngh\u1eb9n.<\/li>\n<\/ul>\n<\/li>\n<li><strong>Bao b\u00ec g\u1ee3i \u00fd<\/strong>:\n<ul>\n<li>\u0110\u00f3ng g\u00f3i trong t\u00fai k\u00edn, d\u1ec5 d\u00e0ng b\u1ea3o qu\u1ea3n.<\/li>\n<li>C\u00f3 th\u1ec3 chia th\u00e0nh c\u00e1c kh\u1ea9u ph\u1ea7n nh\u1ecf \u0111\u1ec3 ti\u1ec7n mang theo khi \u0111i d\u1ea1o ho\u1eb7c luy\u1ec7n t\u1eadp.<\/li>\n<\/ul>\n<\/li>\n<\/ul>\n<ul>\n<li><strong>Xu\u1ea5t x\u1ee9:<\/strong> H\u00e0n Qu\u1ed1c.<\/li>\n<\/ul>\n","protected":false},"excerpt":{"rendered":"<p>C\u00f4ng d\u1ee5ng: Ph\u1ea7n th\u01b0\u1edfng khi hu\u1ea5n luy\u1ec7n: Gi\u00fap khuy\u1ebfn kh\u00edch v\u00e0 t\u1ea1o \u0111\u1ed9ng l\u1ef1c cho th\u00fa c\u01b0ng th\u1ef1c hi\u1ec7n c\u00e1c h\u00e0nh vi t\u1ed1t ho\u1eb7c l\u1ec7nh t\u1eeb ch\u1ee7 nh\u00e2n. Th\u01b0 gi\u00e3n v\u00e0 gi\u1ea3i tr\u00ed: V\u1edbi h\u00ecnh d\u00e1ng v\u00e0 h\u01b0\u01a1ng v\u1ecb h\u1ea5p d\u1eabn, s\u1ea3n ph\u1ea9m gi\u00fap th\u00fa c\u01b0ng vui v\u1ebb h\u01a1n khi nhai. B\u1ed5 sung dinh d\u01b0\u1ee1ng: [&hellip;]<\/p>\n","protected":false},"featured_media":160,"comment_status":"open","ping_status":"closed","template":"","meta":[],"product_cat":[17],"product_tag":[46,50,44,48],"class_list":{"0":"post-159","1":"product","2":"type-product","3":"status-publish","4":"has-post-thumbnail","6":"product_cat-thuc-an-cho-cun","7":"product_tag-cun","8":"product_tag-thanh-gam","9":"product_tag-thanh-thuong","10":"product_tag-thuc-an-cun","12":"first","13":"instock","14":"taxable","15":"shipping-taxable","16":"purchasable","17":"product-type-simple"},"jetpack_sharing_enabled":true,"_links":{"self":[{"href":"http:\/\/longcando.id.vn\/index.php\/wp-json\/wp\/v2\/product\/159","targetHints":{"allow":["GET"]}}],"collection":[{"href":"http:\/\/longcando.id.vn\/index.php\/wp-json\/wp\/v2\/product"}],"about":[{"href":"http:\/\/longcando.id.vn\/index.php\/wp-json\/wp\/v2\/types\/product"}],"replies":[{"embeddable":true,"href":"http:\/\/longcando.id.vn\/index.php\/wp-json\/wp\/v2\/comments?post=159"}],"wp:featuredmedia":[{"embeddable":true,"href":"http:\/\/longcando.id.vn\/index.php\/wp-json\/wp\/v2\/media\/160"}],"wp:attachment":[{"href":"http:\/\/longcando.id.vn\/index.php\/wp-json\/wp\/v2\/media?parent=159"}],"wp:term":[{"taxonomy":"product_cat","embeddable":true,"href":"http:\/\/longcando.id.vn\/index.php\/wp-json\/wp\/v2\/product_cat?post=159"},{"taxonomy":"product_tag","embeddable":true,"href":"http:\/\/longcando.id.vn\/index.php\/wp-json\/wp\/v2\/product_tag?post=159"}],"curies":[{"name":"wp","href":"https:\/\/api.w.org\/{rel}","templated":true}]}}