{"id":18,"date":"2024-12-14T04:57:09","date_gmt":"2024-12-14T04:57:09","guid":{"rendered":"http:\/\/longcando.id.vn\/?page_id=18"},"modified":"2024-12-14T05:05:15","modified_gmt":"2024-12-14T05:05:15","slug":"hoan-tien_tra-ve","status":"publish","type":"page","link":"http:\/\/longcando.id.vn\/index.php\/hoan-tien_tra-ve\/","title":{"rendered":"Ch\u00ednh s\u00e1ch \u0111\u1ed5i tr\u1ea3 h\u00e0ng"},"content":{"rendered":"\t\t<div data-elementor-type=\"wp-page\" data-elementor-id=\"18\" class=\"elementor elementor-18\">\n\t\t\t\t<div class=\"elementor-element elementor-element-XwJGomU e-con-full e-flex elementor-invisible e-con e-parent\" data-id=\"XwJGomU\" data-element_type=\"container\" data-settings=\"{&quot;background_background&quot;:&quot;gradient&quot;,&quot;animation&quot;:&quot;fadeInUp&quot;}\">\n\t\t<div class=\"elementor-element elementor-element-RB8n3a9 e-con-full e-flex e-con e-child\" data-id=\"RB8n3a9\" data-element_type=\"container\">\n\t\t\t\t<div class=\"elementor-element elementor-element-B6ge77k elementor-widget elementor-widget-heading\" data-id=\"B6ge77k\" data-element_type=\"widget\" data-widget_type=\"heading.default\">\n\t\t\t\t<div class=\"elementor-widget-container\">\n\t\t\t<h2 class=\"elementor-heading-title elementor-size-default\">Ch\u00fang t\u00f4i hi\u1ec3u r\u1eb1ng nh\u1eefng \u0111i\u1ec1u kh\u00f4ng mong \u0111\u1ee3i c\u00f3 th\u1ec3 x\u1ea3y ra<\/h2>\t\t<\/div>\n\t\t\t\t<\/div>\n\t\t\t\t<div class=\"elementor-element elementor-element-GGM3LPW elementor-widget elementor-widget-text-editor\" data-id=\"GGM3LPW\" data-element_type=\"widget\" data-widget_type=\"text-editor.default\">\n\t\t\t\t<div class=\"elementor-widget-container\">\n\t\t\t\t\t\t\t<p>T\u1ea1i P-Pet Shop, s\u1ef1 h\u00e0i l\u00f2ng c\u1ee7a b\u1ea1n l\u00e0 \u01b0u ti\u00ean h\u00e0ng \u0111\u1ea7u c\u1ee7a ch\u00fang t\u00f4i. N\u1ebfu b\u1ea1n kh\u00f4ng h\u00e0i l\u00f2ng v\u1edbi s\u1ea3n ph\u1ea9m, ch\u00fang t\u00f4i cam k\u1ebft ho\u00e0n ti\u1ec1n 100% trong v\u00f2ng 30 ng\u00e0y. Kh\u00f4ng c\u1ea7n l\u00fd do, kh\u00f4ng c\u1ea7n lo l\u1eafng &#8211; ch\u1ec9 c\u1ea7n t\u1ea1o l\u1ea1i ni\u1ec1m vui cho th\u00fa c\u01b0ng c\u1ee7a b\u1ea1n!\u00a0<\/p>\t\t\t\t\t\t<\/div>\n\t\t\t\t<\/div>\n\t\t\t\t<div class=\"elementor-element elementor-element-153242b elementor-widget elementor-widget-text-editor\" data-id=\"153242b\" data-element_type=\"widget\" data-widget_type=\"text-editor.default\">\n\t\t\t\t<div class=\"elementor-widget-container\">\n\t\t\t\t\t\t\t<p data-pm-slice=\"1 3 []\"><strong>V\u1ec1 Ch\u00ednh S\u00e1ch \u0110\u1ed5i Tr\u1ea3<\/strong><\/p><ul data-spread=\"false\"><li><p>S\u1ea3n ph\u1ea9m \u0111\u01b0\u1ee3c \u0111\u1ed5i tr\u1ea3 trong v\u00f2ng 7 ng\u00e0y k\u1ec3 t\u1eeb ng\u00e0y nh\u1eadn h\u00e0ng n\u1ebfu c\u00f3 l\u1ed7i t\u1eeb nh\u00e0 s\u1ea3n xu\u1ea5t ho\u1eb7c giao nh\u1ea7m.<\/p><\/li><li><p>S\u1ea3n ph\u1ea9m ph\u1ea3i c\u00f2n nguy\u00ean bao b\u00ec, ch\u01b0a qua s\u1eed d\u1ee5ng v\u00e0 c\u00f3 \u0111\u1ea7y \u0111\u1ee7 h\u00f3a \u0111\u01a1n mua h\u00e0ng.<\/p><\/li><li><p>Ch\u00fang t\u00f4i s\u1ebd kh\u00f4ng ch\u1ea5p nh\u1eadn \u0111\u1ed5i tr\u1ea3 trong c\u00e1c tr\u01b0\u1eddng h\u1ee3p sau:<\/p><ul data-spread=\"false\"><li><p>S\u1ea3n ph\u1ea9m \u0111\u00e3 qua s\u1eed d\u1ee5ng ho\u1eb7c h\u01b0 h\u1ecfng do ng\u01b0\u1eddi d\u00f9ng.<\/p><\/li><li><p>S\u1ea3n ph\u1ea9m gi\u1ea3m gi\u00e1 ho\u1eb7c thanh l\u00fd.<\/p><\/li><\/ul><\/li><li><p>M\u1ecdi chi ph\u00ed v\u1eadn chuy\u1ec3n li\u00ean quan \u0111\u1ebfn vi\u1ec7c \u0111\u1ed5i tr\u1ea3 s\u1ebd do b\u00ean mua chi tr\u1ea3, tr\u1eeb khi l\u1ed7i thu\u1ed9c v\u1ec1 ph\u00eda P-PET SHOP.<\/p><\/li><\/ul>\t\t\t\t\t\t<\/div>\n\t\t\t\t<\/div>\n\t\t\t\t<\/div>\n\t\t\t\t<\/div>\n\t\t\t\t<\/div>\n\t\t","protected":false},"excerpt":{"rendered":"<p>Ch\u00fang t\u00f4i hi\u1ec3u r\u1eb1ng nh\u1eefng \u0111i\u1ec1u kh\u00f4ng mong \u0111\u1ee3i c\u00f3 th\u1ec3 x\u1ea3y ra T\u1ea1i P-Pet Shop, s\u1ef1 h\u00e0i l\u00f2ng c\u1ee7a b\u1ea1n l\u00e0 \u01b0u ti\u00ean h\u00e0ng \u0111\u1ea7u c\u1ee7a ch\u00fang t\u00f4i. N\u1ebfu b\u1ea1n kh\u00f4ng h\u00e0i l\u00f2ng v\u1edbi s\u1ea3n ph\u1ea9m, ch\u00fang t\u00f4i cam k\u1ebft ho\u00e0n ti\u1ec1n 100% trong v\u00f2ng 30 ng\u00e0y. Kh\u00f4ng c\u1ea7n l\u00fd do, kh\u00f4ng c\u1ea7n lo [&hellip;]<\/p>\n","protected":false},"author":1,"featured_media":0,"parent":0,"menu_order":0,"comment_status":"closed","ping_status":"closed","template":"","meta":{"footnotes":""},"class_list":["post-18","page","type-page","status-publish","hentry"],"jetpack_sharing_enabled":true,"_links":{"self":[{"href":"http:\/\/longcando.id.vn\/index.php\/wp-json\/wp\/v2\/pages\/18","targetHints":{"allow":["GET"]}}],"collection":[{"href":"http:\/\/longcando.id.vn\/index.php\/wp-json\/wp\/v2\/pages"}],"about":[{"href":"http:\/\/longcando.id.vn\/index.php\/wp-json\/wp\/v2\/types\/page"}],"author":[{"embeddable":true,"href":"http:\/\/longcando.id.vn\/index.php\/wp-json\/wp\/v2\/users\/1"}],"replies":[{"embeddable":true,"href":"http:\/\/longcando.id.vn\/index.php\/wp-json\/wp\/v2\/comments?post=18"}],"version-history":[{"count":3,"href":"http:\/\/longcando.id.vn\/index.php\/wp-json\/wp\/v2\/pages\/18\/revisions"}],"predecessor-version":[{"id":885,"href":"http:\/\/longcando.id.vn\/index.php\/wp-json\/wp\/v2\/pages\/18\/revisions\/885"}],"wp:attachment":[{"href":"http:\/\/longcando.id.vn\/index.php\/wp-json\/wp\/v2\/media?parent=18"}],"curies":[{"name":"wp","href":"https:\/\/api.w.org\/{rel}","templated":true}]}}