{"id":100,"date":"2024-12-05T14:33:05","date_gmt":"2024-12-05T14:33:05","guid":{"rendered":"http:\/\/longcando.id.vn\/?page_id=100"},"modified":"2024-12-12T18:23:41","modified_gmt":"2024-12-12T18:23:41","slug":"blog","status":"publish","type":"page","link":"http:\/\/longcando.id.vn\/index.php\/blog\/","title":{"rendered":"Blog"},"content":{"rendered":"<p>&nbsp;<\/p>\n<blockquote class=\"wp-embedded-content\" data-secret=\"bPy7hdDcoa\"><p><a href=\"http:\/\/longcando.id.vn\/index.php\/2024\/12\/10\/cach-xu-ly-khi-cho-meo-bi-tieu-chay\/\">C\u00e1ch x\u1eed l\u00fd khi ch\u00f3 m\u00e8o b\u1ecb ti\u00eau ch\u1ea3y?<\/a><\/p><\/blockquote>\n<p><iframe class=\"wp-embedded-content\" sandbox=\"allow-scripts\" security=\"restricted\" style=\"position: absolute; visibility: hidden;\" title=\"&#8220;C\u00e1ch x\u1eed l\u00fd khi ch\u00f3 m\u00e8o b\u1ecb ti\u00eau ch\u1ea3y?&#8221; &#8212; \" src=\"http:\/\/longcando.id.vn\/index.php\/2024\/12\/10\/cach-xu-ly-khi-cho-meo-bi-tieu-chay\/embed\/#?secret=uIrEpkwt14#?secret=bPy7hdDcoa\" data-secret=\"bPy7hdDcoa\" width=\"525\" height=\"296\" frameborder=\"0\" marginwidth=\"0\" marginheight=\"0\" scrolling=\"no\"><\/iframe><\/p>\n<blockquote class=\"wp-embedded-content\" data-secret=\"HM5ANnsUA1\"><p><a href=\"http:\/\/longcando.id.vn\/index.php\/2024\/12\/10\/cap-cuu-cho-bi-soc-nhiet-tai-nha\/\">C\u1ea5p c\u1ee9u ch\u00f3 b\u1ecb s\u1ed1c nhi\u1ec7t t\u1ea1i nh\u00e0<\/a><\/p><\/blockquote>\n<p><iframe class=\"wp-embedded-content\" sandbox=\"allow-scripts\" security=\"restricted\" style=\"position: absolute; visibility: hidden;\" title=\"&#8220;C\u1ea5p c\u1ee9u ch\u00f3 b\u1ecb s\u1ed1c nhi\u1ec7t t\u1ea1i nh\u00e0&#8221; &#8212; \" src=\"http:\/\/longcando.id.vn\/index.php\/2024\/12\/10\/cap-cuu-cho-bi-soc-nhiet-tai-nha\/embed\/#?secret=aCdb8Vk8ea#?secret=HM5ANnsUA1\" data-secret=\"HM5ANnsUA1\" width=\"525\" height=\"296\" frameborder=\"0\" marginwidth=\"0\" marginheight=\"0\" scrolling=\"no\"><\/iframe><\/p>\n<blockquote class=\"wp-embedded-content\" data-secret=\"HZbU1AxcK9\"><p><a href=\"http:\/\/longcando.id.vn\/index.php\/2024\/12\/10\/benh-nam-o-cho-meo-co-nguy-hiem-khong-nguyen-nhan-va-cach-chua-tri\/\">B\u1ec7nh n\u1ea5m \u1edf ch\u00f3 m\u00e8o c\u00f3 nguy hi\u1ec3m kh\u00f4ng? Nguy\u00ean nh\u00e2n v\u00e0 c\u00e1ch ch\u1eefa tr\u1ecb<\/a><\/p><\/blockquote>\n<p><iframe class=\"wp-embedded-content\" sandbox=\"allow-scripts\" security=\"restricted\" style=\"position: absolute; visibility: hidden;\" title=\"&#8220;B\u1ec7nh n\u1ea5m \u1edf ch\u00f3 m\u00e8o c\u00f3 nguy hi\u1ec3m kh\u00f4ng? Nguy\u00ean nh\u00e2n v\u00e0 c\u00e1ch ch\u1eefa tr\u1ecb&#8221; &#8212; \" src=\"http:\/\/longcando.id.vn\/index.php\/2024\/12\/10\/benh-nam-o-cho-meo-co-nguy-hiem-khong-nguyen-nhan-va-cach-chua-tri\/embed\/#?secret=Lkkj4cjXXA#?secret=HZbU1AxcK9\" data-secret=\"HZbU1AxcK9\" width=\"525\" height=\"296\" frameborder=\"0\" marginwidth=\"0\" marginheight=\"0\" scrolling=\"no\"><\/iframe><\/p>\n<blockquote class=\"wp-embedded-content\" data-secret=\"Ax5010tyqa\"><p><a href=\"http:\/\/longcando.id.vn\/index.php\/2024\/12\/10\/quy-trinh-4-buoc-vat-tuyen-hoi-cho-cun-don-gian-tai-nha\/\">Quy tr\u00ecnh 4 b\u01b0\u1edbc v\u1eaft tuy\u1ebfn h\u00f4i cho c\u00fan \u0111\u01a1n gi\u1ea3n t\u1ea1i nh\u00e0<\/a><\/p><\/blockquote>\n<p><iframe class=\"wp-embedded-content\" sandbox=\"allow-scripts\" security=\"restricted\" style=\"position: absolute; visibility: hidden;\" title=\"&#8220;Quy tr\u00ecnh 4 b\u01b0\u1edbc v\u1eaft tuy\u1ebfn h\u00f4i cho c\u00fan \u0111\u01a1n gi\u1ea3n t\u1ea1i nh\u00e0&#8221; &#8212; \" src=\"http:\/\/longcando.id.vn\/index.php\/2024\/12\/10\/quy-trinh-4-buoc-vat-tuyen-hoi-cho-cun-don-gian-tai-nha\/embed\/#?secret=FDnaiN4Hp4#?secret=Ax5010tyqa\" data-secret=\"Ax5010tyqa\" width=\"525\" height=\"296\" frameborder=\"0\" marginwidth=\"0\" marginheight=\"0\" scrolling=\"no\"><\/iframe><\/p>\n<blockquote class=\"wp-embedded-content\" data-secret=\"wsYkBE37FD\"><p><a href=\"http:\/\/longcando.id.vn\/index.php\/2024\/12\/10\/nhung-dieu-can-biet-khi-cham-thu-cung-vao-thoi-tiet-nong-buc\/\">Nh\u1eefng \u0111i\u1ec1u c\u1ea7n bi\u1ebft khi ch\u0103m th\u00fa c\u01b0ng v\u00e0o th\u1eddi ti\u1ebft n\u00f3ng b\u1ee9c<\/a><\/p><\/blockquote>\n<p><iframe class=\"wp-embedded-content\" sandbox=\"allow-scripts\" security=\"restricted\" style=\"position: absolute; visibility: hidden;\" title=\"&#8220;Nh\u1eefng \u0111i\u1ec1u c\u1ea7n bi\u1ebft khi ch\u0103m th\u00fa c\u01b0ng v\u00e0o th\u1eddi ti\u1ebft n\u00f3ng b\u1ee9c&#8221; &#8212; \" src=\"http:\/\/longcando.id.vn\/index.php\/2024\/12\/10\/nhung-dieu-can-biet-khi-cham-thu-cung-vao-thoi-tiet-nong-buc\/embed\/#?secret=kVhBAHr0yU#?secret=wsYkBE37FD\" data-secret=\"wsYkBE37FD\" width=\"525\" height=\"296\" frameborder=\"0\" marginwidth=\"0\" marginheight=\"0\" scrolling=\"no\"><\/iframe><\/p>\n<blockquote class=\"wp-embedded-content\" data-secret=\"0vyEm9lYp0\"><p><a href=\"http:\/\/longcando.id.vn\/index.php\/2024\/12\/10\/nhung-luu-y-khi-tam-cho-cho-meo-tai-nha\/\">Nh\u1eefng l\u01b0u \u00fd khi t\u1eafm cho cho m\u00e8o t\u1ea1i nh\u00e0<\/a><\/p><\/blockquote>\n<p><iframe class=\"wp-embedded-content\" sandbox=\"allow-scripts\" security=\"restricted\" style=\"position: absolute; visibility: hidden;\" title=\"&#8220;Nh\u1eefng l\u01b0u \u00fd khi t\u1eafm cho cho m\u00e8o t\u1ea1i nh\u00e0&#8221; &#8212; \" src=\"http:\/\/longcando.id.vn\/index.php\/2024\/12\/10\/nhung-luu-y-khi-tam-cho-cho-meo-tai-nha\/embed\/#?secret=4CZxje5xPu#?secret=0vyEm9lYp0\" data-secret=\"0vyEm9lYp0\" width=\"525\" height=\"296\" frameborder=\"0\" marginwidth=\"0\" marginheight=\"0\" scrolling=\"no\"><\/iframe><\/p>\n","protected":false},"excerpt":{"rendered":"<p>&nbsp; C\u00e1ch x\u1eed l\u00fd khi ch\u00f3 m\u00e8o b\u1ecb ti\u00eau ch\u1ea3y? C\u1ea5p c\u1ee9u ch\u00f3 b\u1ecb s\u1ed1c nhi\u1ec7t t\u1ea1i nh\u00e0 B\u1ec7nh n\u1ea5m \u1edf ch\u00f3 m\u00e8o c\u00f3 nguy hi\u1ec3m kh\u00f4ng? Nguy\u00ean nh\u00e2n v\u00e0 c\u00e1ch ch\u1eefa tr\u1ecb Quy tr\u00ecnh 4 b\u01b0\u1edbc v\u1eaft tuy\u1ebfn h\u00f4i cho c\u00fan \u0111\u01a1n gi\u1ea3n t\u1ea1i nh\u00e0 Nh\u1eefng \u0111i\u1ec1u c\u1ea7n bi\u1ebft khi ch\u0103m th\u00fa c\u01b0ng v\u00e0o [&hellip;]<\/p>\n","protected":false},"author":1,"featured_media":827,"parent":0,"menu_order":0,"comment_status":"closed","ping_status":"closed","template":"","meta":{"footnotes":""},"class_list":["post-100","page","type-page","status-publish","has-post-thumbnail","hentry"],"jetpack_sharing_enabled":true,"_links":{"self":[{"href":"http:\/\/longcando.id.vn\/index.php\/wp-json\/wp\/v2\/pages\/100","targetHints":{"allow":["GET"]}}],"collection":[{"href":"http:\/\/longcando.id.vn\/index.php\/wp-json\/wp\/v2\/pages"}],"about":[{"href":"http:\/\/longcando.id.vn\/index.php\/wp-json\/wp\/v2\/types\/page"}],"author":[{"embeddable":true,"href":"http:\/\/longcando.id.vn\/index.php\/wp-json\/wp\/v2\/users\/1"}],"replies":[{"embeddable":true,"href":"http:\/\/longcando.id.vn\/index.php\/wp-json\/wp\/v2\/comments?post=100"}],"version-history":[{"count":17,"href":"http:\/\/longcando.id.vn\/index.php\/wp-json\/wp\/v2\/pages\/100\/revisions"}],"predecessor-version":[{"id":718,"href":"http:\/\/longcando.id.vn\/index.php\/wp-json\/wp\/v2\/pages\/100\/revisions\/718"}],"wp:featuredmedia":[{"embeddable":true,"href":"http:\/\/longcando.id.vn\/index.php\/wp-json\/wp\/v2\/media\/827"}],"wp:attachment":[{"href":"http:\/\/longcando.id.vn\/index.php\/wp-json\/wp\/v2\/media?parent=100"}],"curies":[{"name":"wp","href":"https:\/\/api.w.org\/{rel}","templated":true}]}}